Last updated on 2023-01-29 23:03:06 CET.
Flavor | Version | Tinstall | Tcheck | Ttotal | Status | Flags |
---|---|---|---|---|---|---|
r-devel-linux-x86_64-debian-clang | 0.2.0 | 4.66 | 93.86 | 98.52 | OK | |
r-devel-linux-x86_64-debian-gcc | 0.2.0 | 3.47 | 68.48 | 71.95 | OK | |
r-devel-linux-x86_64-fedora-clang | 0.2.0 | 130.70 | NOTE | |||
r-devel-linux-x86_64-fedora-gcc | 0.2.0 | 149.51 | NOTE | |||
r-devel-windows-x86_64 | 0.2.0 | 57.00 | 142.00 | 199.00 | OK | |
r-patched-linux-x86_64 | 0.2.0 | 8.48 | 89.41 | 97.89 | OK | |
r-release-linux-x86_64 | 0.2.0 | 3.69 | 88.17 | 91.86 | OK | |
r-release-macos-arm64 | 0.2.0 | 37.00 | NOTE | |||
r-release-macos-x86_64 | 0.2.0 | 74.00 | NOTE | |||
r-release-windows-x86_64 | 0.2.0 | 34.00 | 128.00 | 162.00 | OK | |
r-oldrel-macos-arm64 | 0.2.0 | 92.00 | NOTE | |||
r-oldrel-macos-x86_64 | 0.2.0 | 62.00 | NOTE | |||
r-oldrel-windows-ix86+x86_64 | 0.2.0 | 12.00 | 122.00 | 134.00 | OK |
Version: 0.2.0
Check: dependencies in R code
Result: NOTE
Namespace in Imports field not imported from: ‘htmlwidgets’
All declared Imports should be used.
Flavors: r-devel-linux-x86_64-fedora-clang, r-devel-linux-x86_64-fedora-gcc, r-release-macos-arm64, r-release-macos-x86_64, r-oldrel-macos-arm64, r-oldrel-macos-x86_64