CRAN Package Check Results for Package epikit

Last updated on 2023-09-20 21:52:48 CEST.

Flavor Version Tinstall Tcheck Ttotal Status Flags
r-devel-linux-x86_64-debian-clang 0.1.5 9.71 87.99 97.70 NOTE
r-devel-linux-x86_64-debian-gcc 0.1.5 6.76 62.60 69.36 NOTE
r-devel-linux-x86_64-fedora-clang 0.1.5 117.84 NOTE
r-devel-linux-x86_64-fedora-gcc 0.1.5 124.22 NOTE
r-devel-windows-x86_64 0.1.5 8.00 82.00 90.00 NOTE
r-patched-linux-x86_64 0.1.5 6.75 80.27 87.02 NOTE
r-release-linux-x86_64 0.1.5 9.01 80.80 89.81 NOTE
r-release-macos-arm64 0.1.5 40.00 NOTE
r-release-macos-x86_64 0.1.5 68.00 NOTE
r-release-windows-x86_64 0.1.5 11.00 94.00 105.00 NOTE
r-oldrel-macos-arm64 0.1.5 35.00 NOTE
r-oldrel-macos-x86_64 0.1.5 54.00 NOTE
r-oldrel-windows-x86_64 0.1.5 12.00 98.00 110.00 NOTE

Check Details

Version: 0.1.5
Check: package dependencies
Result: NOTE
    Package suggested but not available for checking: ‘epidict’
Flavors: r-devel-linux-x86_64-debian-clang, r-devel-linux-x86_64-debian-gcc, r-devel-linux-x86_64-fedora-clang, r-devel-linux-x86_64-fedora-gcc, r-devel-windows-x86_64, r-patched-linux-x86_64, r-release-linux-x86_64, r-release-macos-arm64, r-release-macos-x86_64, r-release-windows-x86_64, r-oldrel-macos-arm64, r-oldrel-macos-x86_64, r-oldrel-windows-x86_64

Version: 0.1.5
Check: Rd \usage sections
Result: NOTE
    Documented arguments not in \usage in documentation object 'dots_to_charlist':
     ‘call’ ‘...’
    
    Functions with \usage entries need to have the appropriate \alias
    entries, and all their arguments documented.
    The \usage entries must correspond to syntactically valid R code.
    See chapter ‘Writing R documentation files’ in the ‘Writing R
    Extensions’ manual.
Flavors: r-devel-linux-x86_64-debian-clang, r-devel-linux-x86_64-debian-gcc, r-devel-linux-x86_64-fedora-clang, r-devel-linux-x86_64-fedora-gcc, r-devel-windows-x86_64