CRAN Package Check Results for Package episode

Last updated on 2019-07-22 22:48:00 CEST.

Flavor Version Tinstall Tcheck Ttotal Status Flags
r-devel-linux-x86_64-debian-clang 1.0.0 190.67 71.51 262.18 WARN
r-devel-linux-x86_64-debian-gcc 1.0.0 158.43 54.25 212.68 NOTE
r-devel-linux-x86_64-fedora-clang 1.0.0 394.63 WARN
r-devel-linux-x86_64-fedora-gcc 1.0.0 387.28 OK
r-devel-windows-ix86+x86_64 1.0.0 378.00 169.00 547.00 NOTE
r-patched-linux-x86_64 1.0.0 185.37 67.85 253.22 OK
r-patched-solaris-x86 1.0.0 378.00 OK
r-release-linux-x86_64 1.0.0 189.50 68.12 257.62 OK
r-release-windows-ix86+x86_64 1.0.0 393.00 127.00 520.00 OK
r-release-osx-x86_64 1.0.0 WARN
r-oldrel-windows-ix86+x86_64 1.0.0 509.00 164.00 673.00 OK
r-oldrel-osx-x86_64 1.0.0 NOTE

Additional issues

clang-UBSAN gcc-UBSAN valgrind

Check Details

Version: 1.0.0
Check: whether package can be installed
Result: WARN
    Found the following significant warnings:
     motor_param.cpp:257:5: warning: explicitly assigning value of variable of type 'arma::vec' (aka 'Col<double>') to itself [-Wself-assign-overloaded]
Flavors: r-devel-linux-x86_64-debian-clang, r-devel-linux-x86_64-fedora-clang, r-release-osx-x86_64

Version: 1.0.0
Check: package vignettes
Result: NOTE
    Package vignette with placeholder title 'Vignette Title':
     'episode.Rmd'
Flavors: r-devel-linux-x86_64-debian-clang, r-devel-linux-x86_64-debian-gcc, r-devel-windows-ix86+x86_64

Version: 1.0.0
Check: installed package size
Result: NOTE
     installed size is 13.3Mb
     sub-directories of 1Mb or more:
     libs 13.0Mb
Flavors: r-devel-linux-x86_64-fedora-clang, r-release-osx-x86_64, r-oldrel-osx-x86_64