Last updated on 2021-03-04 22:53:57 CET.
Flavor | Version | Tinstall | Tcheck | Ttotal | Status | Flags |
---|---|---|---|---|---|---|
r-devel-linux-x86_64-debian-clang | 0.1.24 | 14.11 | 114.18 | 128.29 | NOTE | |
r-devel-linux-x86_64-debian-gcc | 0.1.24 | 11.29 | 83.06 | 94.35 | NOTE | |
r-devel-linux-x86_64-fedora-clang | 0.1.24 | 161.39 | NOTE | |||
r-devel-linux-x86_64-fedora-gcc | 0.1.24 | 146.34 | NOTE | |||
r-devel-windows-ix86+x86_64 | 0.1.24 | 30.00 | 164.00 | 194.00 | OK | |
r-patched-linux-x86_64 | 0.1.24 | NOTE | ||||
r-patched-solaris-x86 | 0.1.24 | 187.90 | NOTE | |||
r-release-linux-x86_64 | 0.1.24 | 14.66 | 104.76 | 119.42 | NOTE | |
r-release-macos-x86_64 | 0.1.24 | NOTE | ||||
r-release-windows-ix86+x86_64 | 0.1.24 | 23.00 | 135.00 | 158.00 | OK | |
r-oldrel-macos-x86_64 | 0.1.24 | NOTE | ||||
r-oldrel-windows-ix86+x86_64 | 0.1.24 | 26.00 | 152.00 | 178.00 | OK |
Version: 0.1.24
Check: package dependencies
Result: NOTE
Package suggested but not available for checking: 'taskscheduleR'
Flavors: r-devel-linux-x86_64-debian-clang, r-devel-linux-x86_64-debian-gcc, r-devel-linux-x86_64-fedora-gcc, r-patched-linux-x86_64, r-patched-solaris-x86, r-release-linux-x86_64, r-release-macos-x86_64, r-oldrel-macos-x86_64
Version: 0.1.24
Check: package dependencies
Result: NOTE
Package suggested but not available for checking: ‘taskscheduleR’
Imports includes 26 non-default packages.
Importing from so many packages makes the package vulnerable to any of
them becoming unavailable. Move as many as possible to Suggests and
use conditionally.
Flavor: r-devel-linux-x86_64-fedora-clang
Version: 0.1.24
Check: dependencies in R code
Result: NOTE
Namespaces in Imports field not imported from:
‘httpuv’ ‘plyr’ ‘rgdal’ ‘rgeos’ ‘tidyverse’ ‘tokenizers’
All declared Imports should be used.
Flavors: r-devel-linux-x86_64-fedora-clang, r-devel-linux-x86_64-fedora-gcc, r-patched-solaris-x86, r-release-macos-x86_64, r-oldrel-macos-x86_64