Last updated on 2023-09-23 23:00:45 CEST.
Flavor | Version | Tinstall | Tcheck | Ttotal | Status | Flags |
---|---|---|---|---|---|---|
r-devel-linux-x86_64-debian-clang | 0.4-1 | 3.67 | 30.75 | 34.42 | NOTE | |
r-devel-linux-x86_64-debian-gcc | 0.4-1 | 2.59 | 24.12 | 26.71 | NOTE | |
r-devel-linux-x86_64-fedora-clang | 0.4-1 | 42.24 | NOTE | |||
r-devel-linux-x86_64-fedora-gcc | 0.4-1 | 41.89 | NOTE | |||
r-devel-windows-x86_64 | 0.4-1 | 5.00 | 47.00 | 52.00 | NOTE | |
r-patched-linux-x86_64 | 0.4-1 | 3.26 | 29.85 | 33.11 | NOTE | |
r-release-linux-x86_64 | 0.4-1 | 3.10 | 30.39 | 33.49 | NOTE | |
r-release-macos-arm64 | 0.4-1 | 19.00 | NOTE | |||
r-release-macos-x86_64 | 0.4-1 | 25.00 | NOTE | |||
r-release-windows-x86_64 | 0.4-1 | 5.00 | 45.00 | 50.00 | NOTE | |
r-oldrel-macos-arm64 | 0.4-1 | 19.00 | NOTE | |||
r-oldrel-macos-x86_64 | 0.4-1 | 25.00 | NOTE | |||
r-oldrel-windows-x86_64 | 0.4-1 | 6.00 | 49.00 | 55.00 | NOTE |
Version: 0.4-1
Check: LazyData
Result: NOTE
'LazyData' is specified without a 'data' directory
Flavors: r-devel-linux-x86_64-debian-clang, r-devel-linux-x86_64-debian-gcc, r-devel-linux-x86_64-fedora-clang, r-devel-linux-x86_64-fedora-gcc, r-devel-windows-x86_64, r-patched-linux-x86_64, r-release-linux-x86_64, r-release-macos-arm64, r-release-macos-x86_64, r-release-windows-x86_64, r-oldrel-macos-arm64, r-oldrel-macos-x86_64, r-oldrel-windows-x86_64