Last updated on 2024-04-22 23:09:49 CEST.
Flavor | Version | Tinstall | Tcheck | Ttotal | Status | Flags |
---|---|---|---|---|---|---|
r-devel-linux-x86_64-debian-clang | 0.6.1 | 3.96 | 51.81 | 55.77 | OK | |
r-devel-linux-x86_64-debian-gcc | 0.6.1 | 3.70 | 39.03 | 42.73 | OK | |
r-devel-linux-x86_64-fedora-clang | 0.6.1 | 71.59 | NOTE | |||
r-devel-linux-x86_64-fedora-gcc | 0.6.1 | 79.72 | OK | |||
r-prerel-macos-arm64 | 0.6.1 | 29.00 | OK | |||
r-prerel-windows-x86_64 | 0.6.1 | 4.00 | 67.00 | 71.00 | OK | |
r-patched-linux-x86_64 | 0.6.1 | 4.62 | 47.98 | 52.60 | OK | |
r-release-linux-x86_64 | 0.6.1 | 4.45 | 47.31 | 51.76 | OK | |
r-release-macos-arm64 | 0.6.1 | 30.00 | OK | |||
r-release-macos-x86_64 | 0.6.1 | 48.00 | NOTE | |||
r-release-windows-x86_64 | 0.6.1 | 4.00 | 68.00 | 72.00 | OK | |
r-oldrel-macos-arm64 | 0.6.1 | 24.00 | OK | |||
r-oldrel-windows-x86_64 | 0.6.1 | 7.00 | 78.00 | 85.00 | OK |
Version: 0.6.1
Check: Rd cross-references
Result: NOTE
Undeclared package ‘OpenMx’ in Rd xrefs
Flavor: r-devel-linux-x86_64-fedora-clang
Version: 0.6.1
Check: package dependencies
Result: NOTE
Package suggested but not available for checking: ‘semTools’
Flavor: r-release-macos-x86_64
Version: 0.6.1
Check: Rd cross-references
Result: NOTE
Packages unavailable to check Rd xrefs: ‘OpenMx’, ‘semTools’
Flavor: r-release-macos-x86_64