Last updated on 2024-03-28 23:01:43 CET.
Flavor | Version | Tinstall | Tcheck | Ttotal | Status | Flags |
---|---|---|---|---|---|---|
r-devel-linux-x86_64-debian-clang | 2.0.8 | 5.51 | 96.44 | 101.95 | NOTE | |
r-devel-linux-x86_64-debian-gcc | 2.0.8 | 4.25 | 68.30 | 72.55 | NOTE | |
r-devel-linux-x86_64-fedora-clang | 2.0.8 | 123.77 | NOTE | |||
r-devel-linux-x86_64-fedora-gcc | 2.0.8 | 133.72 | NOTE | |||
r-devel-windows-x86_64 | 2.0.8 | 6.00 | 90.00 | 96.00 | NOTE | |
r-patched-linux-x86_64 | 2.0.8 | 5.89 | 94.86 | 100.75 | NOTE | |
r-release-linux-x86_64 | 2.0.8 | 5.43 | 91.31 | 96.74 | NOTE | |
r-release-macos-arm64 | 2.0.8 | 43.00 | NOTE | |||
r-release-macos-x86_64 | 2.0.8 | 71.00 | NOTE | |||
r-release-windows-x86_64 | 2.0.8 | 6.00 | 101.00 | 107.00 | NOTE | |
r-oldrel-macos-arm64 | 2.0.8 | 34.00 | OK | |||
r-oldrel-windows-x86_64 | 2.0.8 | 9.00 | 104.00 | 113.00 | OK |
Version: 2.0.8
Check: package subdirectories
Result: NOTE
Problems with news in ‘NEWS.md’:
No news entries found.
Flavors: r-devel-linux-x86_64-debian-clang, r-devel-linux-x86_64-debian-gcc, r-devel-linux-x86_64-fedora-clang, r-devel-linux-x86_64-fedora-gcc, r-devel-windows-x86_64, r-patched-linux-x86_64, r-release-linux-x86_64, r-release-macos-arm64, r-release-macos-x86_64, r-release-windows-x86_64