Last updated on 2024-03-28 23:01:43 CET.
Flavor | Version | Tinstall | Tcheck | Ttotal | Status | Flags |
---|---|---|---|---|---|---|
r-devel-linux-x86_64-debian-clang | 4.6.0 | 90.01 | 692.91 | 782.92 | OK | --no-vignettes |
r-devel-linux-x86_64-debian-gcc | 4.6.0 | 74.84 | 514.03 | 588.87 | OK | --no-vignettes |
r-devel-linux-x86_64-fedora-clang | 4.6.0 | 1230.83 | NOTE | |||
r-devel-linux-x86_64-fedora-gcc | 4.6.0 | 1232.56 | OK | |||
r-devel-windows-x86_64 | 4.6.0 | 90.00 | 216.00 | 306.00 | OK | --no-examples --no-tests --no-vignettes |
r-patched-linux-x86_64 | 4.6.0 | 104.69 | 678.76 | 783.45 | WARN | --no-vignettes |
r-release-linux-x86_64 | 4.6.0 | 93.66 | 657.30 | 750.96 | OK | --no-vignettes |
r-release-macos-arm64 | 4.6.0 | 413.00 | NOTE | |||
r-release-macos-x86_64 | 4.6.0 | 628.00 | NOTE | |||
r-release-windows-x86_64 | 4.6.0 | 112.00 | 205.00 | 317.00 | OK | --no-examples --no-tests --no-vignettes |
r-oldrel-macos-arm64 | 4.6.0 | 317.00 | NOTE | |||
r-oldrel-windows-x86_64 | 4.6.0 | 114.00 | 157.00 | 271.00 | OK | --no-examples --no-tests --no-vignettes |
Version: 4.6.0
Check: installed package size
Result: NOTE
installed size is 5.4Mb
sub-directories of 1Mb or more:
R 1.0Mb
doc 1.8Mb
Flavors: r-devel-linux-x86_64-fedora-clang, r-release-macos-arm64, r-release-macos-x86_64, r-oldrel-macos-arm64
Version: 4.6.0
Flags: --no-vignettes
Check: whether package can be installed
Result: WARN
Found the following significant warnings:
Rd warning: no hsearch.rds meta data for package ergm
See ‘/home/hornik/tmp/R.check/r-patched-gcc/Work/PKGS/ergm.Rcheck/00install.out’ for details.
* used C compiler: ‘gcc-13 (Debian 13.2.0-13) 13.2.0’
Flavor: r-patched-linux-x86_64