CRAN Package Check Results for Package erp.easy

Last updated on 2019-07-17 22:54:29 CEST.

Flavor Version Tinstall Tcheck Ttotal Status Flags
r-devel-linux-x86_64-debian-clang 1.1.0 3.40 27.42 30.82 OK
r-devel-linux-x86_64-debian-gcc 1.1.0 2.81 21.85 24.66 OK
r-devel-linux-x86_64-fedora-clang 1.1.0 36.36 NOTE
r-devel-linux-x86_64-fedora-gcc 1.1.0 35.31 NOTE
r-devel-windows-ix86+x86_64 1.1.0 8.00 40.00 48.00 OK
r-patched-linux-x86_64 1.1.0 3.54 27.50 31.04 OK
r-patched-solaris-x86 1.1.0 54.20 NOTE
r-release-linux-x86_64 1.1.0 3.43 27.23 30.66 OK
r-release-windows-ix86+x86_64 1.1.0 6.00 56.00 62.00 OK
r-release-osx-x86_64 1.1.0 NOTE
r-oldrel-windows-ix86+x86_64 1.1.0 4.00 51.00 55.00 OK
r-oldrel-osx-x86_64 1.1.0 NOTE

Check Details

Version: 1.1.0
Check: dependencies in R code
Result: NOTE
    Namespace in Imports field not imported from: ‘signal’
     All declared Imports should be used.
Flavors: r-devel-linux-x86_64-fedora-clang, r-devel-linux-x86_64-fedora-gcc, r-patched-solaris-x86, r-release-osx-x86_64, r-oldrel-osx-x86_64