CRAN Package Check Results for Package erp.easy

Last updated on 2019-10-16 22:55:57 CEST.

Flavor Version Tinstall Tcheck Ttotal Status Flags
r-devel-linux-x86_64-debian-clang 1.1.0 3.82 26.93 30.75 OK
r-devel-linux-x86_64-debian-gcc 1.1.0 2.78 21.22 24.00 OK
r-devel-linux-x86_64-fedora-clang 1.1.0 37.09 NOTE
r-devel-linux-x86_64-fedora-gcc 1.1.0 36.38 NOTE
r-devel-windows-ix86+x86_64 1.1.0 8.00 40.00 48.00 OK
r-patched-linux-x86_64 1.1.0 3.50 26.49 29.99 OK
r-patched-solaris-x86 1.1.0 52.90 NOTE
r-release-linux-x86_64 1.1.0 3.52 26.98 30.50 OK
r-release-windows-ix86+x86_64 1.1.0 6.00 55.00 61.00 OK
r-release-osx-x86_64 1.1.0 NOTE
r-oldrel-windows-ix86+x86_64 1.1.0 4.00 39.00 43.00 OK
r-oldrel-osx-x86_64 1.1.0 NOTE

Check Details

Version: 1.1.0
Check: dependencies in R code
Result: NOTE
    Namespace in Imports field not imported from: ‘signal’
     All declared Imports should be used.
Flavors: r-devel-linux-x86_64-fedora-clang, r-devel-linux-x86_64-fedora-gcc, r-patched-solaris-x86, r-release-osx-x86_64, r-oldrel-osx-x86_64