CRAN Package Check Results for Package errum

Last updated on 2023-12-09 21:54:15 CET.

Flavor Version Tinstall Tcheck Ttotal Status Flags
r-devel-linux-x86_64-debian-clang 0.0.3 41.03 31.26 72.29 NOTE
r-devel-linux-x86_64-debian-gcc 0.0.3 27.14 24.31 51.45 NOTE
r-devel-linux-x86_64-fedora-clang 0.0.3 104.01 NOTE
r-devel-linux-x86_64-fedora-gcc 0.0.3 103.56 NOTE
r-devel-windows-x86_64 0.0.3 32.00 66.00 98.00 NOTE
r-patched-linux-x86_64 0.0.3 35.20 30.82 66.02 NOTE
r-release-linux-x86_64 0.0.3 35.04 29.98 65.02 NOTE
r-release-macos-arm64 0.0.3 29.00 NOTE
r-release-macos-x86_64 0.0.3 47.00 NOTE
r-release-windows-x86_64 0.0.3 38.00 75.00 113.00 NOTE
r-oldrel-macos-arm64 0.0.3 29.00 NOTE
r-oldrel-macos-x86_64 0.0.3 37.00 NOTE
r-oldrel-windows-x86_64 0.0.3 37.00 72.00 109.00 NOTE

Check Details

Version: 0.0.3
Check: C++ specification
Result: NOTE Specified C++11: please drop specification unless essential Flavors: r-devel-linux-x86_64-debian-clang, r-devel-linux-x86_64-debian-gcc, r-devel-linux-x86_64-fedora-clang, r-devel-linux-x86_64-fedora-gcc, r-devel-windows-x86_64, r-patched-linux-x86_64, r-release-linux-x86_64, r-release-macos-arm64, r-release-macos-x86_64, r-release-windows-x86_64

Version: 0.0.3
Check: LazyData
Result: NOTE 'LazyData' is specified without a 'data' directory Flavors: r-devel-linux-x86_64-debian-clang, r-devel-linux-x86_64-debian-gcc, r-devel-linux-x86_64-fedora-clang, r-devel-linux-x86_64-fedora-gcc, r-devel-windows-x86_64, r-patched-linux-x86_64, r-release-linux-x86_64, r-release-macos-arm64, r-release-macos-x86_64, r-release-windows-x86_64, r-oldrel-macos-arm64, r-oldrel-macos-x86_64, r-oldrel-windows-x86_64