Last updated on 2024-04-18 22:52:39 CEST.
Flavor | Version | Tinstall | Tcheck | Ttotal | Status | Flags |
---|---|---|---|---|---|---|
r-devel-linux-x86_64-debian-clang | 0.1.8 | 48.20 | 969.57 | 1017.77 | OK | |
r-devel-linux-x86_64-debian-gcc | 0.1.8 | 36.51 | 728.99 | 765.50 | OK | |
r-devel-linux-x86_64-fedora-clang | 0.1.8 | 1227.27 | NOTE | |||
r-devel-linux-x86_64-fedora-gcc | 0.1.8 | 1163.62 | OK | |||
r-prerel-macos-arm64 | 0.1.8 | 286.00 | NOTE | |||
r-prerel-macos-x86_64 | 0.1.8 | 752.00 | NOTE | |||
r-prerel-windows-x86_64 | 0.1.8 | 29.00 | 693.00 | 722.00 | NOTE | |
r-patched-linux-x86_64 | 0.1.8 | 35.92 | 989.97 | 1025.89 | OK | |
r-release-linux-x86_64 | 0.1.8 | 29.71 | 984.18 | 1013.89 | OK | |
r-release-macos-arm64 | 0.1.8 | 298.00 | NOTE | |||
r-release-macos-x86_64 | 0.1.8 | 726.00 | NOTE | |||
r-release-windows-x86_64 | 0.1.8 | 39.00 | 900.00 | 939.00 | NOTE | |
r-oldrel-macos-arm64 | 0.1.8 | 276.00 | NOTE | |||
r-oldrel-windows-x86_64 | 0.1.8 | 40.00 | 884.00 | 924.00 | NOTE |
Version: 0.1.8
Check: installed package size
Result: NOTE
installed size is 14.1Mb
sub-directories of 1Mb or more:
doc 13.3Mb
Flavors: r-devel-linux-x86_64-fedora-clang, r-prerel-macos-arm64, r-prerel-macos-x86_64, r-prerel-windows-x86_64, r-release-macos-arm64, r-release-macos-x86_64, r-release-windows-x86_64, r-oldrel-macos-arm64, r-oldrel-windows-x86_64