CRAN Package Check Results for Package ess

Last updated on 2023-12-02 21:39:53 CET.

Flavor Version Tinstall Tcheck Ttotal Status Flags
r-devel-linux-x86_64-debian-clang 1.1.2 38.28 54.68 92.96 NOTE
r-devel-linux-x86_64-debian-gcc 1.1.2 30.86 41.73 72.59 NOTE
r-devel-linux-x86_64-fedora-clang 1.1.2 137.05 NOTE
r-devel-linux-x86_64-fedora-gcc 1.1.2 130.14 NOTE
r-devel-windows-x86_64 1.1.2 33.00 81.00 114.00 NOTE
r-patched-linux-x86_64 1.1.2 37.08 54.67 91.75 NOTE
r-release-linux-x86_64 1.1.2 34.22 53.73 87.95 NOTE
r-release-macos-arm64 1.1.2 38.00 NOTE
r-release-macos-x86_64 1.1.2 58.00 NOTE
r-release-windows-x86_64 1.1.2 42.00 93.00 135.00 NOTE
r-oldrel-macos-arm64 1.1.2 39.00 OK
r-oldrel-macos-x86_64 1.1.2 46.00 OK
r-oldrel-windows-x86_64 1.1.2 40.00 88.00 128.00 OK

Check Details

Version: 1.1.2
Check: C++ specification
Result: NOTE Specified C++11: please drop specification unless essential Flavors: r-devel-linux-x86_64-debian-clang, r-devel-linux-x86_64-debian-gcc, r-devel-linux-x86_64-fedora-clang, r-devel-linux-x86_64-fedora-gcc, r-devel-windows-x86_64, r-patched-linux-x86_64, r-release-linux-x86_64, r-release-macos-arm64, r-release-macos-x86_64, r-release-windows-x86_64