Last updated on 2023-03-23 22:52:31 CET.
Flavor | Version | Tinstall | Tcheck | Ttotal | Status | Flags |
---|---|---|---|---|---|---|
r-devel-linux-x86_64-debian-clang | 0.1.6 | 6.29 | 66.28 | 72.57 | NOTE | |
r-devel-linux-x86_64-debian-gcc | 0.1.6 | 4.47 | 49.29 | 53.76 | NOTE | |
r-devel-linux-x86_64-fedora-clang | 0.1.6 | 89.07 | NOTE | |||
r-devel-linux-x86_64-fedora-gcc | 0.1.6 | 85.22 | NOTE | |||
r-patched-linux-x86_64 | 0.1.6 | 6.49 | 63.63 | 70.12 | NOTE | |
r-release-linux-x86_64 | 0.1.6 | 8.11 | 64.23 | 72.34 | NOTE | |
r-release-macos-arm64 | 0.1.6 | 29.00 | NOTE | |||
r-release-macos-x86_64 | 0.1.6 | 53.00 | NOTE | |||
r-release-windows-x86_64 | 0.1.6 | 28.00 | 155.00 | 183.00 | NOTE | |
r-oldrel-macos-arm64 | 0.1.6 | 32.00 | NOTE | |||
r-oldrel-macos-x86_64 | 0.1.6 | 47.00 | NOTE | |||
r-oldrel-windows-ix86+x86_64 | 0.1.6 | 16.00 | 91.00 | 107.00 | NOTE |
Version: 0.1.6
Check: LazyData
Result: NOTE
'LazyData' is specified without a 'data' directory
Flavors: r-devel-linux-x86_64-debian-clang, r-devel-linux-x86_64-debian-gcc, r-devel-linux-x86_64-fedora-clang, r-devel-linux-x86_64-fedora-gcc, r-patched-linux-x86_64, r-release-linux-x86_64, r-release-macos-arm64, r-release-macos-x86_64, r-release-windows-x86_64, r-oldrel-macos-arm64, r-oldrel-macos-x86_64, r-oldrel-windows-ix86+x86_64