CRAN Package Check Results for Package europepmc

Last updated on 2021-04-15 22:51:07 CEST.

Flavor Version Tinstall Tcheck Ttotal Status Flags
r-devel-linux-x86_64-debian-clang 0.4 6.38 73.52 79.90 NOTE
r-devel-linux-x86_64-debian-gcc 0.4 4.79 56.62 61.41 NOTE
r-devel-linux-x86_64-fedora-clang 0.4 103.19 NOTE
r-devel-linux-x86_64-fedora-gcc 0.4 90.69 NOTE
r-devel-windows-ix86+x86_64 0.4 15.00 131.00 146.00 NOTE
r-devel-windows-x86_64-gcc10-UCRT 0.4 NOTE
r-patched-linux-x86_64 0.4 5.78 69.69 75.47 OK
r-patched-solaris-x86 0.4 131.70 OK
r-release-linux-x86_64 0.4 4.68 69.51 74.19 OK
r-release-macos-x86_64 0.4 OK
r-release-windows-ix86+x86_64 0.4 16.00 161.00 177.00 OK
r-oldrel-macos-x86_64 0.4 OK
r-oldrel-windows-ix86+x86_64 0.4 10.00 117.00 127.00 OK

Check Details

Version: 0.4
Check: LazyData
Result: NOTE
     'LazyData' is specified without a 'data' directory
Flavors: r-devel-linux-x86_64-debian-clang, r-devel-linux-x86_64-debian-gcc, r-devel-linux-x86_64-fedora-clang, r-devel-linux-x86_64-fedora-gcc, r-devel-windows-ix86+x86_64, r-devel-windows-x86_64-gcc10-UCRT