Last updated on 2024-04-17 22:59:51 CEST.
Flavor | Version | Tinstall | Tcheck | Ttotal | Status | Flags |
---|---|---|---|---|---|---|
r-devel-linux-x86_64-debian-clang | 2.3-6.1 | 18.28 | 108.21 | 126.49 | NOTE | |
r-devel-linux-x86_64-debian-gcc | 2.3-6.1 | 15.65 | 76.65 | 92.30 | NOTE | |
r-devel-linux-x86_64-fedora-clang | 2.3-6.1 | 156.15 | NOTE | |||
r-devel-linux-x86_64-fedora-gcc | 2.3-6.1 | 162.80 | NOTE | |||
r-prerel-macos-arm64 | 2.3-6.1 | 44.00 | NOTE | |||
r-prerel-windows-x86_64 | 2.3-6.1 | 21.00 | 110.00 | 131.00 | NOTE | |
r-patched-linux-x86_64 | 2.3-6.1 | 21.02 | 102.84 | 123.86 | NOTE | |
r-release-linux-x86_64 | 2.3-6.1 | 18.82 | 104.56 | 123.38 | OK | |
r-release-macos-arm64 | 2.3-6.1 | 48.00 | OK | |||
r-release-macos-x86_64 | 2.3-6.1 | 84.00 | OK | |||
r-release-windows-x86_64 | 2.3-6.1 | 19.00 | 161.00 | 180.00 | OK | |
r-oldrel-macos-arm64 | 2.3-6.1 | 41.00 | OK | |||
r-oldrel-windows-x86_64 | 2.3-6.1 | 26.00 | 126.00 | 152.00 | OK |
Version: 2.3-6.1
Check: Rd files
Result: NOTE
checkRd: (-1) uccle.Rd:23: Lost braces
23 | L'intensit\'{e} maximale des pr\'{e}cipitations en Belgique.
| ^
checkRd: (-1) uccle.Rd:23: Lost braces
23 | L'intensit\'{e} maximale des pr\'{e}cipitations en Belgique.
| ^
checkRd: (-1) uccle.Rd:24: Lost braces
24 | \emph{Inst. Royal M\'{e}t\'{e}or. Belgique, B} \bold{86}.
| ^
checkRd: (-1) uccle.Rd:24: Lost braces
24 | \emph{Inst. Royal M\'{e}t\'{e}or. Belgique, B} \bold{86}.
| ^
Flavors: r-devel-linux-x86_64-debian-clang, r-devel-linux-x86_64-debian-gcc, r-devel-linux-x86_64-fedora-clang, r-devel-linux-x86_64-fedora-gcc, r-prerel-macos-arm64, r-prerel-windows-x86_64, r-patched-linux-x86_64