CRAN Package Check Results for Package evdbayes

Last updated on 2018-06-24 22:49:18 CEST.

Flavor Version Tinstall Tcheck Ttotal Status Flags
r-devel-linux-x86_64-debian-clang 1.1-1 2.92 28.64 31.56 NOTE
r-devel-linux-x86_64-debian-gcc 1.1-1 2.22 21.32 23.54 NOTE
r-devel-linux-x86_64-fedora-clang 1.1-1 37.20 NOTE
r-devel-linux-x86_64-fedora-gcc 1.1-1 35.34 NOTE
r-devel-windows-ix86+x86_64 1.1-1 12.00 43.00 55.00 NOTE
r-patched-linux-x86_64 1.1-1 2.47 27.48 29.95 NOTE
r-patched-solaris-x86 1.1-1 46.40 NOTE
r-release-linux-x86_64 1.1-1 3.16 27.11 30.27 NOTE
r-release-windows-ix86+x86_64 1.1-1 11.00 44.00 55.00 NOTE
r-release-osx-x86_64 1.1-1 NOTE
r-oldrel-windows-ix86+x86_64 1.1-1 7.00 43.00 50.00 NOTE
r-oldrel-osx-x86_64 1.1-1 NOTE

Check Details

Version: 1.1-1
Check: R code for possible problems
Result: NOTE
    mposterior: no visible global function definition for ‘optim’
    rl.pred: no visible global function definition for ‘matplot’
    rl.pst: no visible binding for global variable ‘quantile’
    rl.pst: no visible global function definition for ‘matplot’
    Undefined global functions or variables:
     matplot optim quantile
    Consider adding
     importFrom("graphics", "matplot")
     importFrom("stats", "optim", "quantile")
    to your NAMESPACE file.
Flavors: r-devel-linux-x86_64-debian-clang, r-devel-linux-x86_64-debian-gcc, r-devel-linux-x86_64-fedora-clang, r-devel-linux-x86_64-fedora-gcc, r-devel-windows-ix86+x86_64, r-patched-linux-x86_64, r-patched-solaris-x86, r-release-linux-x86_64, r-release-windows-ix86+x86_64, r-release-osx-x86_64, r-oldrel-windows-ix86+x86_64, r-oldrel-osx-x86_64

Version: 1.1-1
Check: compiled code
Result: NOTE
    File ‘evdbayes/libs/evdbayes.so’:
     Found no calls to: ‘R_registerRoutines’, ‘R_useDynamicSymbols’
    
    It is good practice to register native routines and to disable symbol
    search.
    
    See ‘Writing portable packages’ in the ‘Writing R Extensions’ manual.
Flavors: r-devel-linux-x86_64-debian-clang, r-devel-linux-x86_64-debian-gcc, r-devel-linux-x86_64-fedora-clang, r-devel-linux-x86_64-fedora-gcc, r-patched-linux-x86_64, r-release-linux-x86_64