CRAN Package Check Results for Package exactLoglinTest

Last updated on 2018-07-17 22:50:36 CEST.

Flavor Version Tinstall Tcheck Ttotal Status Flags
r-devel-linux-x86_64-debian-clang 1.4.2 2.41 46.73 49.14 NOTE
r-devel-linux-x86_64-debian-gcc 1.4.2 2.10 36.12 38.22 NOTE
r-devel-linux-x86_64-fedora-clang 1.4.2 61.93 NOTE
r-devel-linux-x86_64-fedora-gcc 1.4.2 56.30 NOTE
r-devel-windows-ix86+x86_64 1.4.2 11.00 75.00 86.00 NOTE
r-patched-linux-x86_64 1.4.2 2.50 45.44 47.94 NOTE
r-patched-solaris-x86 1.4.2 75.30 NOTE
r-release-linux-x86_64 1.4.2 2.20 45.70 47.90 NOTE
r-release-windows-ix86+x86_64 1.4.2 11.00 76.00 87.00 NOTE
r-release-osx-x86_64 1.4.2 NOTE
r-oldrel-windows-ix86+x86_64 1.4.2 7.00 71.00 78.00 NOTE
r-oldrel-osx-x86_64 1.4.2 NOTE

Check Details

Version: 1.4.2
Check: DESCRIPTION meta-information
Result: NOTE
    Malformed Description field: should contain one or more complete sentences.
Flavors: r-devel-linux-x86_64-debian-clang, r-devel-linux-x86_64-debian-gcc, r-devel-linux-x86_64-fedora-clang, r-devel-linux-x86_64-fedora-gcc, r-devel-windows-ix86+x86_64, r-patched-linux-x86_64, r-patched-solaris-x86, r-release-linux-x86_64, r-release-windows-ix86+x86_64, r-release-osx-x86_64, r-oldrel-windows-ix86+x86_64, r-oldrel-osx-x86_64

Version: 1.4.2
Check: R code for possible problems
Result: NOTE
    build.mcx.obj: no visible global function definition for ‘glm’
    build.mcx.obj: no visible binding for global variable ‘poisson’
    build.mcx.obj: no visible global function definition for ‘fitted’
    cab: no visible global function definition for ‘rbinom’
    cab: no visible global function definition for ‘runif’
    mcexact: no visible global function definition for ‘update’
    rounded.tprob: no visible global function definition for ‘pt’
    simtable.cab: no visible global function definition for ‘rbinom’
    simtable.cab: no visible global function definition for ‘runif’
    Undefined global functions or variables:
     fitted glm poisson pt rbinom runif update
    Consider adding
     importFrom("stats", "fitted", "glm", "poisson", "pt", "rbinom",
     "runif", "update")
    to your NAMESPACE file.
Flavors: r-devel-linux-x86_64-debian-clang, r-devel-linux-x86_64-debian-gcc, r-devel-linux-x86_64-fedora-clang, r-devel-linux-x86_64-fedora-gcc, r-devel-windows-ix86+x86_64, r-patched-linux-x86_64, r-patched-solaris-x86, r-release-linux-x86_64, r-release-windows-ix86+x86_64, r-release-osx-x86_64, r-oldrel-windows-ix86+x86_64, r-oldrel-osx-x86_64

Version: 1.4.2
Check: compiled code
Result: NOTE
    File ‘exactLoglinTest/libs/exactLoglinTest.so’:
     Found no calls to: ‘R_registerRoutines’, ‘R_useDynamicSymbols’
    
    It is good practice to register native routines and to disable symbol
    search.
    
    See ‘Writing portable packages’ in the ‘Writing R Extensions’ manual.
Flavors: r-devel-linux-x86_64-debian-clang, r-devel-linux-x86_64-debian-gcc, r-devel-linux-x86_64-fedora-clang, r-devel-linux-x86_64-fedora-gcc, r-patched-linux-x86_64, r-release-linux-x86_64