CRAN Package Check Results for Package excelR

Last updated on 2024-05-18 22:27:34 CEST.

Flavor Version Tinstall Tcheck Ttotal Status Flags
r-devel-linux-x86_64-debian-clang 0.4.0 3.04 35.77 38.81 NOTE
r-devel-linux-x86_64-debian-gcc 0.4.0 2.87 27.44 30.31 NOTE
r-devel-linux-x86_64-fedora-clang 0.4.0 54.17 NOTE
r-devel-linux-x86_64-fedora-gcc 0.4.0 69.24 NOTE
r-devel-windows-x86_64 0.4.0 4.00 50.00 54.00 NOTE
r-patched-linux-x86_64 0.4.0 4.31 34.61 38.92 NOTE
r-release-linux-x86_64 0.4.0 3.75 34.88 38.63 NOTE
r-release-macos-arm64 0.4.0 24.00 NOTE
r-release-windows-x86_64 0.4.0 6.00 52.00 58.00 NOTE
r-oldrel-macos-arm64 0.4.0 27.00 NOTE
r-oldrel-macos-x86_64 0.4.0 29.00 NOTE
r-oldrel-windows-x86_64 0.4.0 5.00 59.00 64.00 NOTE

Check Details

Version: 0.4.0
Check: LazyData
Result: NOTE 'LazyData' is specified without a 'data' directory Flavors: r-devel-linux-x86_64-debian-clang, r-devel-linux-x86_64-debian-gcc, r-devel-linux-x86_64-fedora-clang, r-devel-linux-x86_64-fedora-gcc, r-devel-windows-x86_64, r-patched-linux-x86_64, r-release-linux-x86_64, r-release-macos-arm64, r-release-windows-x86_64, r-oldrel-macos-arm64, r-oldrel-macos-x86_64, r-oldrel-windows-x86_64