CRAN Package Check Results for Package excelR

Last updated on 2023-09-21 23:03:19 CEST.

Flavor Version Tinstall Tcheck Ttotal Status Flags
r-devel-linux-x86_64-debian-clang 0.4.0 3.05 35.50 38.55 NOTE
r-devel-linux-x86_64-debian-gcc 0.4.0 2.69 27.27 29.96 NOTE
r-devel-linux-x86_64-fedora-clang 0.4.0 49.66 NOTE
r-devel-linux-x86_64-fedora-gcc 0.4.0 46.78 NOTE
r-devel-windows-x86_64 0.4.0 5.00 52.00 57.00 NOTE
r-patched-linux-x86_64 0.4.0 3.71 34.65 38.36 NOTE
r-release-linux-x86_64 0.4.0 3.77 35.29 39.06 NOTE
r-release-macos-arm64 0.4.0 27.00 NOTE
r-release-macos-x86_64 0.4.0 29.00 NOTE
r-release-windows-x86_64 0.4.0 6.00 52.00 58.00 NOTE
r-oldrel-macos-arm64 0.4.0 21.00 NOTE
r-oldrel-macos-x86_64 0.4.0 28.00 NOTE
r-oldrel-windows-x86_64 0.4.0 6.00 56.00 62.00 NOTE

Check Details

Version: 0.4.0
Check: LazyData
Result: NOTE
     'LazyData' is specified without a 'data' directory
Flavors: r-devel-linux-x86_64-debian-clang, r-devel-linux-x86_64-debian-gcc, r-devel-linux-x86_64-fedora-clang, r-devel-linux-x86_64-fedora-gcc, r-devel-windows-x86_64, r-patched-linux-x86_64, r-release-linux-x86_64, r-release-macos-arm64, r-release-macos-x86_64, r-release-windows-x86_64, r-oldrel-macos-arm64, r-oldrel-macos-x86_64, r-oldrel-windows-x86_64