Last updated on 2023-12-10 22:55:57 CET.
Flavor | Version | Tinstall | Tcheck | Ttotal | Status | Flags |
---|---|---|---|---|---|---|
r-devel-linux-x86_64-debian-clang | 0.6.1 | 19.48 | 171.87 | 191.35 | OK | |
r-devel-linux-x86_64-debian-gcc | 0.6.1 | 17.78 | 124.98 | 142.76 | OK | |
r-devel-linux-x86_64-fedora-clang | 0.6.1 | 236.45 | NOTE | |||
r-devel-linux-x86_64-fedora-gcc | 0.6.1 | 243.63 | NOTE | |||
r-devel-windows-x86_64 | 0.6.1 | 24.00 | 146.00 | 170.00 | OK | |
r-patched-linux-x86_64 | 0.6.1 | 19.21 | 165.82 | 185.03 | OK | |
r-release-linux-x86_64 | 0.6.1 | 16.49 | 163.68 | 180.17 | OK | |
r-release-macos-arm64 | 0.6.1 | 88.00 | OK | |||
r-release-macos-x86_64 | 0.6.1 | 135.00 | NOTE | |||
r-release-windows-x86_64 | 0.6.1 | 27.00 | 162.00 | 189.00 | OK | |
r-oldrel-macos-arm64 | 0.6.1 | 80.00 | NOTE | |||
r-oldrel-macos-x86_64 | 0.6.1 | 145.00 | NOTE | |||
r-oldrel-windows-x86_64 | 0.6.1 | 27.00 | 166.00 | 193.00 | OK |
Version: 0.6.1
Check: data for non-ASCII characters
Result: NOTE
Note: found 342 marked UTF-8 strings
Flavors: r-devel-linux-x86_64-fedora-clang, r-devel-linux-x86_64-fedora-gcc, r-oldrel-macos-arm64, r-oldrel-macos-x86_64
Version: 0.6.1
Check: installed package size
Result: NOTE
installed size is 5.4Mb
sub-directories of 1Mb or more:
data 4.6Mb
Flavor: r-release-macos-x86_64