CRAN Package Check Results for Package excursions

Last updated on 2019-08-23 22:49:58 CEST.

Flavor Version Tinstall Tcheck Ttotal Status Flags
r-devel-linux-x86_64-debian-clang 2.4.4 18.92 84.68 103.60 NOTE
r-devel-linux-x86_64-debian-gcc 2.4.4 NOTE
r-devel-linux-x86_64-fedora-clang 2.4.4 136.93 OK
r-devel-linux-x86_64-fedora-gcc 2.4.4 131.90 OK
r-devel-windows-ix86+x86_64 2.4.4 36.00 225.00 261.00 OK
r-patched-linux-x86_64 2.4.4 17.57 79.10 96.67 NOTE
r-patched-solaris-x86 2.4.4 182.30 NOTE
r-release-linux-x86_64 2.4.4 17.67 80.09 97.76 NOTE
r-release-windows-ix86+x86_64 2.4.4 62.00 221.00 283.00 OK
r-release-osx-x86_64 2.4.4 NOTE
r-oldrel-windows-ix86+x86_64 2.4.4 54.00 207.00 261.00 OK
r-oldrel-osx-x86_64 2.4.4 NOTE

Additional issues

LTO

Check Details

Version: 2.4.4
Check: package dependencies
Result: NOTE
    Package suggested but not available for checking: 'INLA'
Flavors: r-devel-linux-x86_64-debian-clang, r-devel-linux-x86_64-debian-gcc, r-patched-linux-x86_64, r-patched-solaris-x86, r-release-linux-x86_64, r-release-osx-x86_64, r-oldrel-osx-x86_64