Last updated on 2024-04-22 23:09:49 CEST.
Flavor | Version | Tinstall | Tcheck | Ttotal | Status | Flags |
---|---|---|---|---|---|---|
r-devel-linux-x86_64-debian-clang | 2.5.8 | 30.80 | 147.04 | 177.84 | NOTE | |
r-devel-linux-x86_64-debian-gcc | 2.5.8 | 23.02 | 109.31 | 132.33 | NOTE | |
r-devel-linux-x86_64-fedora-clang | 2.5.8 | 225.24 | OK | |||
r-devel-linux-x86_64-fedora-gcc | 2.5.8 | 213.55 | OK | |||
r-prerel-macos-arm64 | 2.5.8 | 60.00 | NOTE | |||
r-prerel-windows-x86_64 | 2.5.8 | 30.00 | 125.00 | 155.00 | OK | |
r-patched-linux-x86_64 | 2.5.8 | 28.42 | 139.70 | 168.12 | NOTE | |
r-release-linux-x86_64 | 2.5.8 | 26.43 | 143.15 | 169.58 | NOTE | |
r-release-macos-arm64 | 2.5.8 | 77.00 | NOTE | |||
r-release-macos-x86_64 | 2.5.8 | 137.00 | NOTE | |||
r-release-windows-x86_64 | 2.5.8 | 37.00 | 169.00 | 206.00 | NOTE | |
r-oldrel-macos-arm64 | 2.5.8 | 70.00 | NOTE | |||
r-oldrel-windows-x86_64 | 2.5.8 | 37.00 | 154.00 | 191.00 | NOTE |
Version: 2.5.8
Check: package dependencies
Result: NOTE
Package suggested but not available for checking: ‘INLA’
Flavors: r-devel-linux-x86_64-debian-clang, r-devel-linux-x86_64-debian-gcc, r-prerel-macos-arm64, r-patched-linux-x86_64, r-release-linux-x86_64, r-release-macos-arm64, r-release-macos-x86_64, r-release-windows-x86_64, r-oldrel-macos-arm64, r-oldrel-windows-x86_64