CRAN Package Check Results for Package expss

Last updated on 2019-12-10 22:49:32 CET.

Flavor Version Tinstall Tcheck Ttotal Status Flags
r-devel-linux-x86_64-debian-clang 0.10.1 18.38 207.05 225.43 OK --no-tests
r-devel-linux-x86_64-debian-gcc 0.10.1 14.81 244.24 259.05 OK --no-tests
r-devel-linux-x86_64-fedora-clang 0.10.1 298.71 OK
r-devel-linux-x86_64-fedora-gcc 0.10.1 356.81 OK
r-devel-windows-ix86+x86_64 0.10.1 13.00 8.00 21.00 ERROR
r-devel-windows-ix86+x86_64-gcc8 0.10.1 31.00 178.00 209.00 OK
r-patched-linux-x86_64 0.10.1 16.58 196.79 213.37 OK --no-tests
r-patched-solaris-x86 0.10.1 256.20 OK
r-release-linux-x86_64 0.10.1 15.49 187.61 203.10 OK --no-tests
r-release-windows-ix86+x86_64 0.10.1 34.00 169.00 203.00 OK
r-release-osx-x86_64 0.10.1 OK
r-oldrel-windows-ix86+x86_64 0.10.1 20.00 164.00 184.00 WARN
r-oldrel-osx-x86_64 0.10.1 WARN

Check Details

Version: 0.10.1
Check: whether package can be installed
Result: ERROR
    Installation failed.
Flavor: r-devel-windows-ix86+x86_64

Version: 0.10.1
Check: for missing documentation entries
Result: WARN
    Undocumented code objects:
     'caption.etable' 'caption<-.etable'
    All user-level objects in a package should have documentation entries.
    See chapter 'Writing R documentation files' in the 'Writing R
    Extensions' manual.
Flavors: r-oldrel-windows-ix86+x86_64, r-oldrel-osx-x86_64