CRAN Package Check Results for Package extraDistr

Last updated on 2018-01-18 22:47:23 CET.

Flavor Version Tinstall Tcheck Ttotal Status Flags
r-devel-linux-x86_64-debian-clang 1.8.8 368.86 71.77 440.63 OK
r-devel-linux-x86_64-debian-gcc 1.8.8 286.64 57.29 343.93 OK
r-devel-linux-x86_64-fedora-clang 1.8.8 682.99 NOTE
r-devel-linux-x86_64-fedora-gcc 1.8.8 603.03 NOTE
r-devel-windows-ix86+x86_64 1.8.8 1148.00 169.00 1317.00 OK
r-patched-linux-x86_64 1.8.8 349.60 71.04 420.64 OK
r-patched-solaris-x86 1.8.8 623.80 OK
r-release-linux-x86_64 1.8.8 359.43 70.95 430.38 OK
r-release-windows-ix86+x86_64 1.8.8 827.00 164.00 991.00 OK
r-release-osx-x86_64 1.8.8 NOTE
r-oldrel-windows-ix86+x86_64 1.8.8 1099.00 184.00 1283.00 OK
r-oldrel-osx-x86_64 1.8.8 NOTE

Check Details

Version: 1.8.8
Check: installed package size
Result: NOTE
     installed size is 12.9Mb
     sub-directories of 1Mb or more:
     libs 12.5Mb
Flavors: r-devel-linux-x86_64-fedora-clang, r-devel-linux-x86_64-fedora-gcc, r-release-osx-x86_64, r-oldrel-osx-x86_64