CRAN Package Check Results for Package extraDistr

Last updated on 2018-04-21 22:48:04 CEST.

Flavor Version Tinstall Tcheck Ttotal Status Flags
r-devel-linux-x86_64-debian-clang 1.8.8 362.81 67.33 430.14 OK
r-devel-linux-x86_64-debian-gcc 1.8.8 274.34 51.51 325.85 OK
r-devel-linux-x86_64-fedora-clang 1.8.8 675.09 NOTE
r-devel-linux-x86_64-fedora-gcc 1.8.8 593.77 NOTE
r-devel-windows-ix86+x86_64 1.8.8 1116.00 196.00 1312.00 OK
r-devel-osx-x86_64 1.8.8 NOTE
r-patched-linux-x86_64 1.8.8 373.68 64.95 438.63 OK
r-patched-solaris-x86 1.8.8 561.50 OK
r-release-linux-x86_64 1.8.8 364.39 65.71 430.10 OK
r-release-windows-ix86+x86_64 1.8.8 1053.00 200.00 1253.00 OK
r-release-osx-x86_64 1.8.8 NOTE
r-oldrel-windows-ix86+x86_64 1.8.8 1138.00 147.00 1285.00 OK

Check Details

Version: 1.8.8
Check: installed package size
Result: NOTE
     installed size is 13.2Mb
     sub-directories of 1Mb or more:
     libs 12.7Mb
Flavors: r-devel-linux-x86_64-fedora-clang, r-devel-linux-x86_64-fedora-gcc, r-devel-osx-x86_64, r-release-osx-x86_64