CRAN Package Check Results for Package extraDistr

Last updated on 2017-11-19 22:49:06.

Flavor Version Tinstall Tcheck Ttotal Status Flags
r-devel-linux-x86_64-debian-clang 1.8.7 256.01 44.69 300.70 OK
r-devel-linux-x86_64-debian-gcc 1.8.7 253.44 74.69 328.13 OK
r-devel-linux-x86_64-fedora-clang 1.8.7 653.49 NOTE
r-devel-linux-x86_64-fedora-gcc 1.8.7 623.07 NOTE
r-devel-windows-ix86+x86_64 1.8.7 1154.00 154.00 1308.00 OK
r-patched-linux-x86_64 1.8.7 260.64 41.61 302.25 OK
r-patched-solaris-x86 1.8.7 568.50 OK
r-release-linux-x86_64 1.8.7 261.29 40.86 302.15 OK
r-release-windows-ix86+x86_64 1.8.7 861.00 174.00 1035.00 OK
r-release-osx-x86_64 1.8.7 NOTE
r-oldrel-windows-ix86+x86_64 1.8.7 830.00 168.00 998.00 OK
r-oldrel-osx-x86_64 1.8.7 NOTE

Check Details

Version: 1.8.7
Check: installed package size
Result: NOTE
     installed size is 12.8Mb
     sub-directories of 1Mb or more:
     libs 12.5Mb
Flavors: r-devel-linux-x86_64-fedora-clang, r-devel-linux-x86_64-fedora-gcc, r-release-osx-x86_64, r-oldrel-osx-x86_64