CRAN Package Check Results for Package extraDistr

Last updated on 2018-10-17 22:51:35 CEST.

Flavor Version Tinstall Tcheck Ttotal Status Flags
r-devel-linux-x86_64-debian-clang 1.8.9 376.99 72.10 449.09 OK
r-devel-linux-x86_64-debian-gcc 1.8.9 308.73 56.31 365.04 OK
r-devel-linux-x86_64-fedora-clang 1.8.9 715.65 NOTE
r-devel-linux-x86_64-fedora-gcc 1.8.9 617.75 OK
r-devel-windows-ix86+x86_64 1.8.9 1167.00 205.00 1372.00 OK
r-patched-linux-x86_64 1.8.9 382.84 66.25 449.09 OK
r-patched-solaris-x86 1.8.9 566.10 OK
r-release-linux-x86_64 1.8.9 384.58 66.60 451.18 OK
r-release-windows-ix86+x86_64 1.8.9 931.00 196.00 1127.00 OK
r-release-osx-x86_64 1.8.9 NOTE
r-oldrel-windows-ix86+x86_64 1.8.9 1163.00 172.00 1335.00 OK
r-oldrel-osx-x86_64 1.8.9 NOTE

Check Details

Version: 1.8.9
Check: installed package size
Result: NOTE
     installed size is 14.1Mb
     sub-directories of 1Mb or more:
     libs 13.7Mb
Flavors: r-devel-linux-x86_64-fedora-clang, r-release-osx-x86_64, r-oldrel-osx-x86_64