CRAN Package Check Results for Package extrafont

Last updated on 2019-12-11 22:51:06 CET.

Flavor Version Tinstall Tcheck Ttotal Status Flags
r-devel-linux-x86_64-debian-clang 0.17 2.45 19.74 22.19 NOTE
r-devel-linux-x86_64-debian-gcc 0.17 1.87 15.75 17.62 NOTE
r-devel-linux-x86_64-fedora-clang 0.17 27.41 NOTE
r-devel-linux-x86_64-fedora-gcc 0.17 27.30 NOTE
r-devel-windows-ix86+x86_64 0.17 6.00 46.00 52.00 NOTE
r-devel-windows-ix86+x86_64-gcc8 0.17 5.00 33.00 38.00 NOTE
r-patched-linux-x86_64 0.17 2.01 18.09 20.10 NOTE
r-patched-solaris-x86 0.17 39.10 NOTE
r-release-linux-x86_64 0.17 1.80 18.27 20.07 NOTE
r-release-windows-ix86+x86_64 0.17 4.00 44.00 48.00 NOTE
r-release-osx-x86_64 0.17 NOTE
r-oldrel-windows-ix86+x86_64 0.17 3.00 30.00 33.00 NOTE
r-oldrel-osx-x86_64 0.17 NOTE

Check Details

Version: 0.17
Check: R code for possible problems
Result: NOTE
    font_install: no visible global function definition for
     'installed.packages'
    font_install: no visible global function definition for
     'install.packages'
    fonttable_add: no visible global function definition for 'write.csv'
    Undefined global functions or variables:
     install.packages installed.packages write.csv
    Consider adding
     importFrom("utils", "install.packages", "installed.packages",
     "write.csv")
    to your NAMESPACE file.
Flavors: r-devel-linux-x86_64-debian-clang, r-devel-linux-x86_64-debian-gcc, r-devel-linux-x86_64-fedora-clang, r-devel-linux-x86_64-fedora-gcc, r-devel-windows-ix86+x86_64, r-devel-windows-ix86+x86_64-gcc8, r-patched-linux-x86_64, r-patched-solaris-x86, r-release-linux-x86_64, r-release-windows-ix86+x86_64, r-release-osx-x86_64, r-oldrel-windows-ix86+x86_64, r-oldrel-osx-x86_64