Last updated on 2024-05-03 22:53:12 CEST.
Flavor | Version | Tinstall | Tcheck | Ttotal | Status | Flags |
---|---|---|---|---|---|---|
r-devel-linux-x86_64-debian-clang | 1.0 | 1.92 | 18.05 | 19.97 | NOTE | |
r-devel-linux-x86_64-fedora-clang | 1.0 | 25.67 | NOTE | |||
r-devel-linux-x86_64-fedora-gcc | 1.0 | 24.11 | NOTE | |||
r-devel-windows-x86_64 | 1.0 | 3.00 | 32.00 | 35.00 | NOTE | |
r-patched-linux-x86_64 | 1.0 | 1.86 | 17.29 | 19.15 | NOTE | |
r-release-linux-x86_64 | 1.0 | 1.15 | 17.13 | 18.28 | NOTE | |
r-release-macos-arm64 | 1.0 | 13.00 | NOTE | |||
r-release-windows-x86_64 | 1.0 | 3.00 | 32.00 | 35.00 | NOTE | |
r-oldrel-macos-arm64 | 1.0 | 15.00 | NOTE | |||
r-oldrel-macos-x86_64 | 1.0 | 18.00 | NOTE | |||
r-oldrel-windows-x86_64 | 1.0 | 3.00 | 32.00 | 35.00 | NOTE |
Version: 1.0
Check: DESCRIPTION meta-information
Result: NOTE
Malformed Description field: should contain one or more complete sentences.
Flavors: r-devel-linux-x86_64-debian-clang, r-devel-linux-x86_64-fedora-clang, r-devel-linux-x86_64-fedora-gcc, r-devel-windows-x86_64, r-patched-linux-x86_64, r-release-linux-x86_64, r-release-macos-arm64, r-release-windows-x86_64, r-oldrel-macos-arm64, r-oldrel-macos-x86_64, r-oldrel-windows-x86_64