Last updated on 2023-09-20 21:52:49 CEST.
Flavor | Version | Tinstall | Tcheck | Ttotal | Status | Flags |
---|---|---|---|---|---|---|
r-devel-linux-x86_64-debian-clang | 1.7 | 13.33 | 89.65 | 102.98 | NOTE | |
r-devel-linux-x86_64-debian-gcc | 1.7 | 10.44 | 65.79 | 76.23 | NOTE | |
r-devel-linux-x86_64-fedora-clang | 1.7 | 124.73 | NOTE | |||
r-devel-linux-x86_64-fedora-gcc | 1.7 | 129.25 | NOTE | |||
r-devel-windows-x86_64 | 1.7 | 13.00 | 77.00 | 90.00 | OK | |
r-patched-linux-x86_64 | 1.7 | 12.48 | 84.94 | 97.42 | NOTE | |
r-release-linux-x86_64 | 1.7 | 11.15 | 85.37 | 96.52 | NOTE | |
r-release-macos-arm64 | 1.7 | 37.00 | OK | |||
r-release-macos-x86_64 | 1.7 | 68.00 | OK | |||
r-release-windows-x86_64 | 1.7 | 14.00 | 90.00 | 104.00 | OK | |
r-oldrel-macos-arm64 | 1.7 | 34.00 | OK | |||
r-oldrel-macos-x86_64 | 1.7 | 56.00 | OK | |||
r-oldrel-windows-x86_64 | 1.7 | 18.00 | 97.00 | 115.00 | OK |
Version: 1.7
Check: package dependencies
Result: NOTE
Package suggested but not available for checking: ‘frailtypack’
Flavors: r-devel-linux-x86_64-debian-clang, r-devel-linux-x86_64-debian-gcc, r-devel-linux-x86_64-fedora-clang, r-devel-linux-x86_64-fedora-gcc, r-patched-linux-x86_64, r-release-linux-x86_64