Last updated on 2024-04-19 22:55:45 CEST.
Flavor | Version | Tinstall | Tcheck | Ttotal | Status | Flags |
---|---|---|---|---|---|---|
r-devel-linux-x86_64-debian-clang | 1.0.2 | 46.56 | 200.21 | 246.77 | NOTE | |
r-devel-linux-x86_64-debian-gcc | 1.0.2 | NOTE | ||||
r-devel-linux-x86_64-fedora-clang | 1.0.2 | 317.92 | NOTE | |||
r-devel-linux-x86_64-fedora-gcc | 1.0.2 | 317.55 | NOTE | |||
r-prerel-macos-arm64 | 1.0.2 | 88.00 | NOTE | |||
r-prerel-windows-x86_64 | 1.0.2 | 35.00 | 172.00 | 207.00 | NOTE | |
r-patched-linux-x86_64 | 1.0.2 | 52.71 | 192.78 | 245.49 | NOTE | |
r-release-linux-x86_64 | 1.0.2 | 33.71 | 193.67 | 227.38 | NOTE | |
r-release-macos-arm64 | 1.0.2 | 101.00 | NOTE | |||
r-release-macos-x86_64 | 1.0.2 | 160.00 | NOTE | |||
r-release-windows-x86_64 | 1.0.2 | 47.00 | 220.00 | 267.00 | NOTE | |
r-oldrel-macos-arm64 | 1.0.2 | 76.00 | NOTE | |||
r-oldrel-windows-x86_64 | 1.0.2 | 47.00 | 209.00 | 256.00 | NOTE |
Version: 1.0.2
Check: package dependencies
Result: NOTE
Package suggested but not available for checking: ‘exuberdata’
Flavors: r-devel-linux-x86_64-debian-clang, r-devel-linux-x86_64-debian-gcc, r-devel-linux-x86_64-fedora-clang, r-devel-linux-x86_64-fedora-gcc, r-prerel-macos-arm64, r-prerel-windows-x86_64, r-patched-linux-x86_64, r-release-linux-x86_64, r-release-macos-arm64, r-release-macos-x86_64, r-release-windows-x86_64, r-oldrel-macos-arm64, r-oldrel-windows-x86_64