Last updated on 2023-12-10 22:55:57 CET.
Flavor | Version | Tinstall | Tcheck | Ttotal | Status | Flags |
---|---|---|---|---|---|---|
r-devel-linux-x86_64-debian-clang | 0.0.4 | 6.71 | 55.74 | 62.45 | NOTE | |
r-devel-linux-x86_64-debian-gcc | 0.0.4 | 4.16 | 41.99 | 46.15 | NOTE | |
r-devel-linux-x86_64-fedora-clang | 0.0.4 | 77.02 | NOTE | |||
r-devel-linux-x86_64-fedora-gcc | 0.0.4 | 71.36 | NOTE | |||
r-devel-windows-x86_64 | 0.0.4 | 7.00 | 66.00 | 73.00 | NOTE | |
r-patched-linux-x86_64 | 0.0.4 | 5.16 | 53.33 | 58.49 | NOTE | |
r-release-linux-x86_64 | 0.0.4 | 3.81 | 53.05 | 56.86 | NOTE | |
r-release-macos-arm64 | 0.0.4 | 29.00 | NOTE | |||
r-release-macos-x86_64 | 0.0.4 | 38.00 | NOTE | |||
r-release-windows-x86_64 | 0.0.4 | 7.00 | 71.00 | 78.00 | NOTE | |
r-oldrel-macos-arm64 | 0.0.4 | 27.00 | OK | |||
r-oldrel-macos-x86_64 | 0.0.4 | 50.00 | OK | |||
r-oldrel-windows-x86_64 | 0.0.4 | 8.00 | 75.00 | 83.00 | OK |
Version: 0.0.4
Check: Rd files
Result: NOTE
checkRd: (-1) codePasses.Rd:64: Escaped LaTeX specials: \#
Flavors: r-devel-linux-x86_64-debian-clang, r-devel-linux-x86_64-debian-gcc, r-devel-linux-x86_64-fedora-clang, r-devel-linux-x86_64-fedora-gcc, r-devel-windows-x86_64, r-patched-linux-x86_64, r-release-linux-x86_64, r-release-macos-arm64, r-release-macos-x86_64, r-release-windows-x86_64