CRAN Package Check Results for Package ezCutoffs

Last updated on 2021-04-12 22:51:01 CEST.

Flavor Version Tinstall Tcheck Ttotal Status Flags
r-devel-linux-x86_64-debian-clang 1.0.1 5.42 61.50 66.92 NOTE
r-devel-linux-x86_64-debian-gcc 1.0.1 4.29 44.26 48.55 NOTE
r-devel-linux-x86_64-fedora-clang 1.0.1 87.24 NOTE
r-devel-linux-x86_64-fedora-gcc 1.0.1 74.27 NOTE
r-devel-windows-ix86+x86_64 1.0.1 15.00 80.00 95.00 NOTE
r-devel-windows-x86_64-gcc10-UCRT 1.0.1 NOTE
r-patched-linux-x86_64 1.0.1 4.46 54.11 58.57 OK
r-patched-solaris-x86 1.0.1 109.90 OK
r-release-linux-x86_64 1.0.1 5.06 54.95 60.01 OK
r-release-macos-x86_64 1.0.1 OK
r-release-windows-ix86+x86_64 1.0.1 21.00 76.00 97.00 OK
r-oldrel-macos-x86_64 1.0.1 OK
r-oldrel-windows-ix86+x86_64 1.0.1 9.00 52.00 61.00 OK

Check Details

Version: 1.0.1
Check: LazyData
Result: NOTE
     'LazyData' is specified without a 'data' directory
Flavors: r-devel-linux-x86_64-debian-clang, r-devel-linux-x86_64-debian-gcc, r-devel-linux-x86_64-fedora-clang, r-devel-linux-x86_64-fedora-gcc, r-devel-windows-ix86+x86_64, r-devel-windows-x86_64-gcc10-UCRT