CRAN Package Check Results for Package ezCutoffs

Last updated on 2023-06-04 22:59:58 CEST.

Flavor Version Tinstall Tcheck Ttotal Status Flags
r-devel-linux-x86_64-debian-clang 1.0.1 7.02 63.20 70.22 NOTE
r-devel-linux-x86_64-debian-gcc 1.0.1 4.53 47.71 52.24 NOTE
r-devel-linux-x86_64-fedora-clang 1.0.1 87.27 NOTE
r-devel-linux-x86_64-fedora-gcc 1.0.1 80.19 NOTE
r-devel-windows-x86_64 1.0.1 8.00 65.00 73.00 NOTE
r-patched-linux-x86_64 1.0.1 5.21 58.54 63.75 NOTE
r-release-linux-x86_64 1.0.1 4.92 59.16 64.08 NOTE
r-release-macos-arm64 1.0.1 28.00 NOTE
r-release-macos-x86_64 1.0.1 43.00 NOTE
r-release-windows-x86_64 1.0.1 9.00 74.00 83.00 NOTE
r-oldrel-macos-arm64 1.0.1 27.00 NOTE
r-oldrel-macos-x86_64 1.0.1 52.00 NOTE
r-oldrel-windows-x86_64 1.0.1 9.00 80.00 89.00 NOTE

Check Details

Version: 1.0.1
Check: LazyData
Result: NOTE
     'LazyData' is specified without a 'data' directory
Flavors: r-devel-linux-x86_64-debian-clang, r-devel-linux-x86_64-debian-gcc, r-devel-linux-x86_64-fedora-clang, r-devel-linux-x86_64-fedora-gcc, r-devel-windows-x86_64, r-patched-linux-x86_64, r-release-linux-x86_64, r-release-macos-arm64, r-release-macos-x86_64, r-release-windows-x86_64, r-oldrel-macos-arm64, r-oldrel-macos-x86_64, r-oldrel-windows-x86_64