CRAN Package Check Results for Package ezknitr

Last updated on 2023-01-27 23:37:56 CET.

Flavor Version Tinstall Tcheck Ttotal Status Flags
r-devel-linux-x86_64-debian-clang 0.6 2.24 27.10 29.34 NOTE
r-devel-linux-x86_64-debian-gcc 0.6 1.63 21.17 22.80 NOTE
r-devel-linux-x86_64-fedora-clang 0.6 38.11 NOTE
r-devel-linux-x86_64-fedora-gcc 0.6 48.85 NOTE
r-devel-windows-x86_64 0.6 12.00 62.00 74.00 NOTE
r-patched-linux-x86_64 0.6 2.20 27.12 29.32 NOTE
r-release-linux-x86_64 0.6 1.97 27.37 29.34 NOTE
r-release-macos-arm64 0.6 23.00 NOTE
r-release-macos-x86_64 0.6 30.00 NOTE
r-release-windows-x86_64 0.6 11.00 62.00 73.00 NOTE
r-oldrel-macos-arm64 0.6 22.00 NOTE
r-oldrel-macos-x86_64 0.6 30.00 NOTE
r-oldrel-windows-ix86+x86_64 0.6 5.00 54.00 59.00 NOTE

Check Details

Version: 0.6
Check: LazyData
Result: NOTE
     'LazyData' is specified without a 'data' directory
Flavors: r-devel-linux-x86_64-debian-clang, r-devel-linux-x86_64-debian-gcc, r-devel-linux-x86_64-fedora-clang, r-devel-linux-x86_64-fedora-gcc, r-devel-windows-x86_64, r-patched-linux-x86_64, r-release-linux-x86_64, r-release-macos-arm64, r-release-macos-x86_64, r-release-windows-x86_64, r-oldrel-macos-arm64, r-oldrel-macos-x86_64, r-oldrel-windows-ix86+x86_64