Last updated on 2023-06-07 22:02:43 CEST.
Flavor | Version | Tinstall | Tcheck | Ttotal | Status | Flags |
---|---|---|---|---|---|---|
r-devel-linux-x86_64-debian-clang | 4023.84 | 24.25 | 175.50 | 199.75 | OK | |
r-devel-linux-x86_64-debian-gcc | 4023.84 | 22.30 | 134.99 | 157.29 | OK | |
r-devel-linux-x86_64-fedora-clang | 4023.84 | 254.91 | OK | |||
r-devel-linux-x86_64-fedora-gcc | 4023.84 | 238.54 | OK | |||
r-devel-windows-x86_64 | 4023.84 | 23.00 | 135.00 | 158.00 | OK | |
r-patched-linux-x86_64 | 4023.84 | 27.43 | 168.46 | 195.89 | OK | |
r-release-linux-x86_64 | 4023.84 | 25.97 | 167.04 | 193.01 | OK | |
r-release-macos-arm64 | 4023.84 | 65.00 | OK | |||
r-release-macos-x86_64 | 3042.83.1 | 111.00 | NOTE | |||
r-release-windows-x86_64 | 4023.84 | 30.00 | 168.00 | 198.00 | OK | |
r-oldrel-macos-arm64 | 4023.84 | 63.00 | OK | |||
r-oldrel-macos-x86_64 | 4023.84 | 90.00 | OK | |||
r-oldrel-windows-x86_64 | 4023.84 | 31.00 | 163.00 | 194.00 | OK |
Version: 3042.83.1
Check: package dependencies
Result: NOTE
Packages suggested but not available for checking:
'Rsocp', 'Rnlminb2', 'Rdonlp2'
Flavor: r-release-macos-x86_64