Last updated on 2024-04-17 22:59:51 CEST.
Flavor | Version | Tinstall | Tcheck | Ttotal | Status | Flags |
---|---|---|---|---|---|---|
r-devel-linux-x86_64-debian-clang | 0.1.0 | 4.84 | 47.31 | 52.15 | NOTE | |
r-devel-linux-x86_64-debian-gcc | 0.1.0 | 4.35 | 36.75 | 41.10 | NOTE | |
r-devel-linux-x86_64-fedora-clang | 0.1.0 | 69.25 | NOTE | |||
r-devel-linux-x86_64-fedora-gcc | 0.1.0 | 75.92 | NOTE | |||
r-prerel-macos-arm64 | 0.1.0 | 29.00 | NOTE | |||
r-prerel-windows-x86_64 | 0.1.0 | 7.00 | 58.00 | 65.00 | NOTE | |
r-patched-linux-x86_64 | 0.1.0 | 5.45 | 45.27 | 50.72 | NOTE | |
r-release-linux-x86_64 | 0.1.0 | 5.23 | 44.16 | 49.39 | NOTE | |
r-release-macos-arm64 | 0.1.0 | 30.00 | NOTE | |||
r-release-macos-x86_64 | 0.1.0 | 43.00 | NOTE | |||
r-release-windows-x86_64 | 0.1.0 | 7.00 | 63.00 | 70.00 | NOTE | |
r-oldrel-macos-arm64 | 0.1.0 | 25.00 | NOTE | |||
r-oldrel-windows-x86_64 | 0.1.0 | 8.00 | 65.00 | 73.00 | NOTE |
Version: 0.1.0
Check: LazyData
Result: NOTE
'LazyData' is specified without a 'data' directory
Flavors: r-devel-linux-x86_64-debian-clang, r-devel-linux-x86_64-debian-gcc, r-devel-linux-x86_64-fedora-clang, r-devel-linux-x86_64-fedora-gcc, r-prerel-macos-arm64, r-prerel-windows-x86_64, r-patched-linux-x86_64, r-release-linux-x86_64, r-release-macos-arm64, r-release-macos-x86_64, r-release-windows-x86_64, r-oldrel-macos-arm64, r-oldrel-windows-x86_64