Last updated on 2024-03-27 22:57:45 CET.
Flavor | Version | Tinstall | Tcheck | Ttotal | Status | Flags |
---|---|---|---|---|---|---|
r-devel-linux-x86_64-debian-clang | 2.1.1 | 31.28 | 26.28 | 57.56 | NOTE | |
r-devel-linux-x86_64-debian-gcc | 2.1.1 | 29.84 | 20.81 | 50.65 | NOTE | |
r-devel-linux-x86_64-fedora-clang | 2.1.1 | 77.19 | NOTE | |||
r-devel-linux-x86_64-fedora-gcc | 2.1.1 | 101.17 | NOTE | |||
r-devel-windows-x86_64 | 2.1.1 | 36.00 | 54.00 | 90.00 | NOTE | |
r-patched-linux-x86_64 | 2.1.1 | 41.07 | 25.79 | 66.86 | NOTE | |
r-release-linux-x86_64 | 2.1.1 | 41.19 | 26.43 | 67.62 | NOTE | |
r-release-macos-arm64 | 2.1.1 | 29.00 | NOTE | |||
r-release-macos-x86_64 | 2.1.1 | 41.00 | NOTE | |||
r-release-windows-x86_64 | 2.1.1 | 37.00 | 57.00 | 94.00 | NOTE | |
r-oldrel-macos-arm64 | 2.1.1 | 29.00 | OK | |||
r-oldrel-windows-x86_64 | 2.1.1 | 40.00 | 54.00 | 94.00 | OK |
Version: 2.1.1
Check: C++ specification
Result: NOTE
Specified C++11: please drop specification unless essential
Flavors: r-devel-linux-x86_64-debian-clang, r-devel-linux-x86_64-debian-gcc, r-devel-linux-x86_64-fedora-clang, r-devel-linux-x86_64-fedora-gcc, r-devel-windows-x86_64, r-patched-linux-x86_64, r-release-linux-x86_64, r-release-macos-arm64, r-release-macos-x86_64, r-release-windows-x86_64
Version: 2.1.1
Check: installed package size
Result: NOTE
installed size is 5.3Mb
sub-directories of 1Mb or more:
help 1.6Mb
libs 3.7Mb
Flavor: r-release-macos-x86_64