CRAN Package Check Results for Package fasano.franceschini.test

Last updated on 2023-11-27 23:11:36 CET.

Flavor Version Tinstall Tcheck Ttotal Status Flags
r-devel-linux-x86_64-debian-clang 2.2.1 37.76 195.13 232.89 NOTE
r-devel-linux-x86_64-debian-gcc 2.2.1 26.77 157.46 184.23 NOTE
r-devel-linux-x86_64-fedora-clang 2.2.1 296.53 NOTE
r-devel-linux-x86_64-fedora-gcc 2.2.1 306.43 NOTE
r-devel-windows-x86_64 2.2.1 29.00 213.00 242.00 NOTE
r-patched-linux-x86_64 2.2.1 31.01 197.13 228.14 NOTE
r-release-linux-x86_64 2.2.1 32.63 199.81 232.44 NOTE
r-release-macos-arm64 2.2.1 111.00 NOTE
r-release-macos-x86_64 2.2.1 284.00 NOTE
r-release-windows-x86_64 2.2.1 35.00 310.00 345.00 NOTE
r-oldrel-macos-arm64 2.2.1 111.00 NOTE
r-oldrel-macos-x86_64 2.2.1 132.00 NOTE
r-oldrel-windows-x86_64 2.2.1 40.00 263.00 303.00 NOTE

Check Details

Version: 2.2.1
Check: for GNU extensions in Makefiles
Result: NOTE GNU make is a SystemRequirements. Flavors: r-devel-linux-x86_64-debian-clang, r-devel-linux-x86_64-debian-gcc, r-devel-linux-x86_64-fedora-clang, r-devel-linux-x86_64-fedora-gcc, r-devel-windows-x86_64, r-patched-linux-x86_64, r-release-linux-x86_64, r-release-macos-arm64, r-release-macos-x86_64, r-release-windows-x86_64, r-oldrel-macos-arm64, r-oldrel-macos-x86_64, r-oldrel-windows-x86_64