Last updated on 2024-04-17 22:59:51 CEST.
Flavor | Version | Tinstall | Tcheck | Ttotal | Status | Flags |
---|---|---|---|---|---|---|
r-devel-linux-x86_64-debian-clang | 1.0.6 | 31.05 | 46.07 | 77.12 | NOTE | |
r-devel-linux-x86_64-debian-gcc | 1.0.6 | 25.89 | 36.03 | 61.92 | NOTE | |
r-devel-linux-x86_64-fedora-clang | 1.0.6 | 111.06 | NOTE | |||
r-devel-linux-x86_64-fedora-gcc | 1.0.6 | 117.04 | NOTE | |||
r-prerel-macos-arm64 | 1.0.6 | 38.00 | NOTE | |||
r-prerel-windows-x86_64 | 1.0.6 | 26.00 | 93.00 | 119.00 | NOTE | |
r-patched-linux-x86_64 | 1.0.6 | 29.67 | 45.58 | 75.25 | NOTE | |
r-release-linux-x86_64 | 1.0.6 | 32.08 | 44.01 | 76.09 | NOTE | |
r-release-macos-arm64 | 1.0.6 | 40.00 | NOTE | |||
r-release-macos-x86_64 | 1.0.6 | 63.00 | NOTE | |||
r-release-windows-x86_64 | 1.0.6 | 26.00 | 99.00 | 125.00 | NOTE | |
r-oldrel-macos-arm64 | 1.0.6 | 38.00 | OK | |||
r-oldrel-windows-x86_64 | 1.0.6 | 32.00 | 95.00 | 127.00 | OK |
Version: 1.0.6
Check: C++ specification
Result: NOTE
Specified C++11: please drop specification unless essential
Flavors: r-devel-linux-x86_64-debian-clang, r-devel-linux-x86_64-debian-gcc, r-devel-linux-x86_64-fedora-clang, r-devel-linux-x86_64-fedora-gcc, r-prerel-macos-arm64, r-prerel-windows-x86_64, r-patched-linux-x86_64, r-release-linux-x86_64, r-release-macos-arm64, r-release-macos-x86_64, r-release-windows-x86_64