Last updated on 2024-05-03 22:53:12 CEST.
Flavor | Version | Tinstall | Tcheck | Ttotal | Status | Flags |
---|---|---|---|---|---|---|
r-devel-linux-x86_64-debian-clang | 1.2.0 | 30.33 | 37.45 | 67.78 | NOTE | |
r-devel-linux-x86_64-fedora-clang | 1.2.0 | 101.42 | NOTE | |||
r-devel-linux-x86_64-fedora-gcc | 1.2.0 | 101.81 | NOTE | |||
r-devel-windows-x86_64 | 1.2.0 | 30.00 | 71.00 | 101.00 | NOTE | |
r-patched-linux-x86_64 | 1.2.0 | 38.25 | 36.90 | 75.15 | NOTE | |
r-release-linux-x86_64 | 1.2.0 | 36.88 | 37.62 | 74.50 | NOTE | |
r-release-macos-arm64 | 1.2.0 | 28.00 | NOTE | |||
r-release-windows-x86_64 | 1.2.0 | 31.00 | 69.00 | 100.00 | NOTE | |
r-oldrel-macos-arm64 | 1.2.0 | 29.00 | NOTE | |||
r-oldrel-macos-x86_64 | 1.2.0 | 50.00 | NOTE | |||
r-oldrel-windows-x86_64 | 1.2.0 | 36.00 | 81.00 | 117.00 | OK |
Version: 1.2.0
Check: Rd files
Result: NOTE
checkRd: (-1) eigen_compute_single_entry_of_diagonal_matrix.Rd:17: Lost braces; missing escapes or markup?
17 | The value of m^{-1}_{j,j}
| ^
checkRd: (-1) eigen_compute_single_entry_of_diagonal_matrix.Rd:17: Lost braces; missing escapes or markup?
17 | The value of m^{-1}_{j,j}
| ^
Flavors: r-devel-linux-x86_64-debian-clang, r-devel-linux-x86_64-fedora-clang, r-devel-linux-x86_64-fedora-gcc, r-devel-windows-x86_64, r-patched-linux-x86_64, r-release-linux-x86_64, r-release-macos-arm64, r-release-windows-x86_64
Version: 1.2.0
Check: installed package size
Result: NOTE
installed size is 7.8Mb
sub-directories of 1Mb or more:
libs 7.6Mb
Flavors: r-release-macos-arm64, r-oldrel-macos-arm64, r-oldrel-macos-x86_64