CRAN Package Check Results for Package fastR2

Last updated on 2019-08-17 22:46:26 CEST.

Flavor Version Tinstall Tcheck Ttotal Status Flags
r-devel-linux-x86_64-debian-clang 1.2.1 13.96 115.79 129.75 OK
r-devel-linux-x86_64-debian-gcc 1.2.1 12.34 90.85 103.19 OK
r-devel-linux-x86_64-fedora-clang 1.2.1 157.41 OK
r-devel-linux-x86_64-fedora-gcc 1.2.1 149.70 OK
r-devel-windows-ix86+x86_64 1.2.1 72.00 209.00 281.00 OK
r-patched-linux-x86_64 1.2.1 12.28 112.76 125.04 OK
r-patched-solaris-x86 1.2.1 239.70 OK
r-release-linux-x86_64 1.2.1 13.00 111.41 124.41 OK
r-release-windows-ix86+x86_64 1.2.1 38.00 225.00 263.00 OK
r-release-osx-x86_64 1.2.1 OK
r-oldrel-windows-ix86+x86_64 1.2.1 49.00 183.00 232.00 OK
r-oldrel-osx-x86_64 1.2.1 WARN

Check Details

Version: 1.2.1
Check: whether package can be installed
Result: WARN
    Found the following significant warnings:
     Warning: package ‘dplyr’ was built under R version 3.5.1
Flavor: r-oldrel-osx-x86_64