CRAN Package Check Results for Package fastR2

Last updated on 2019-05-26 22:52:09 CEST.

Flavor Version Tinstall Tcheck Ttotal Status Flags
r-devel-linux-x86_64-debian-clang 1.2.1 13.19 117.25 130.44 OK
r-devel-linux-x86_64-debian-gcc 1.2.1 11.47 89.63 101.10 OK
r-devel-linux-x86_64-fedora-clang 1.2.1 157.48 OK
r-devel-linux-x86_64-fedora-gcc 1.2.1 152.19 OK
r-devel-windows-ix86+x86_64 1.2.1 37.00 137.00 174.00 OK
r-patched-linux-x86_64 1.2.1 OK
r-patched-solaris-x86 1.2.1 229.90 OK
r-release-linux-x86_64 1.2.1 12.16 113.80 125.96 OK
r-release-windows-ix86+x86_64 1.2.1 76.00 201.00 277.00 OK
r-release-osx-x86_64 1.2.1 OK
r-oldrel-windows-ix86+x86_64 1.2.1 43.00 175.00 218.00 OK
r-oldrel-osx-x86_64 1.2.1 WARN

Check Details

Version: 1.2.1
Check: whether package can be installed
Result: WARN
    Found the following significant warnings:
     Warning: package ‘dplyr’ was built under R version 3.5.1
Flavor: r-oldrel-osx-x86_64