Last updated on 2023-12-09 21:54:15 CET.
Flavor | Version | Tinstall | Tcheck | Ttotal | Status | Flags |
---|---|---|---|---|---|---|
r-devel-linux-x86_64-debian-clang | 2.0.1 | 161.08 | 36.42 | 197.50 | OK | |
r-devel-linux-x86_64-debian-gcc | 2.0.1 | 99.46 | 28.12 | 127.58 | OK | |
r-devel-linux-x86_64-fedora-clang | 2.0.1 | 294.43 | OK | |||
r-devel-linux-x86_64-fedora-gcc | 2.1.0 | 321.66 | OK | |||
r-devel-windows-x86_64 | 2.1.0 | 111.00 | 75.00 | 186.00 | OK | |
r-patched-linux-x86_64 | 2.0.1 | 123.04 | 35.71 | 158.75 | OK | |
r-release-linux-x86_64 | 2.0.1 | 124.43 | 35.21 | 159.64 | OK | |
r-release-macos-arm64 | 2.0.1 | 71.00 | NOTE | |||
r-release-macos-x86_64 | 2.1.0 | 118.00 | NOTE | |||
r-release-windows-x86_64 | 2.0.1 | 127.00 | 82.00 | 209.00 | OK | |
r-oldrel-macos-arm64 | 2.0.1 | 61.00 | NOTE | |||
r-oldrel-macos-x86_64 | 2.0.1 | 80.00 | NOTE | |||
r-oldrel-windows-x86_64 | 2.0.1 | 142.00 | 82.00 | 224.00 | OK |
Version: 2.0.1
Check: installed package size
Result: NOTE
installed size is 8.0Mb
sub-directories of 1Mb or more:
doc 1.8Mb
libs 6.0Mb
Flavors: r-release-macos-arm64, r-oldrel-macos-arm64, r-oldrel-macos-x86_64
Version: 2.1.0
Check: installed package size
Result: NOTE
installed size is 7.7Mb
sub-directories of 1Mb or more:
doc 1.8Mb
libs 5.7Mb
Flavor: r-release-macos-x86_64