Last updated on 2023-06-10 23:05:51 CEST.
Flavor | Version | Tinstall | Tcheck | Ttotal | Status | Flags |
---|---|---|---|---|---|---|
r-devel-linux-x86_64-debian-clang | 0.1.1 | 109.91 | 190.90 | 300.81 | NOTE | |
r-devel-linux-x86_64-debian-gcc | 0.1.1 | 82.49 | 140.35 | 222.84 | NOTE | |
r-devel-linux-x86_64-fedora-clang | 0.1.1 | 403.60 | NOTE | |||
r-devel-linux-x86_64-fedora-gcc | 0.1.1 | 371.88 | NOTE | |||
r-devel-windows-x86_64 | 0.1.1 | 90.00 | 144.00 | 234.00 | NOTE | |
r-patched-linux-x86_64 | 0.1.1 | 92.33 | 168.40 | 260.73 | NOTE | |
r-release-linux-x86_64 | 0.1.1 | 83.92 | 168.48 | 252.40 | NOTE | |
r-release-macos-arm64 | 0.1.1 | 116.00 | NOTE | |||
r-release-macos-x86_64 | 0.1.1 | 183.00 | NOTE | |||
r-release-windows-x86_64 | 0.1.1 | 111.00 | 191.00 | 302.00 | NOTE | |
r-oldrel-macos-arm64 | 0.1.1 | 94.00 | OK | |||
r-oldrel-macos-x86_64 | 0.1.1 | 131.00 | OK | |||
r-oldrel-windows-x86_64 | 0.1.1 | 111.00 | 186.00 | 297.00 | OK |
Version: 0.1.1
Check: C++ specification
Result: NOTE
Specified C++11: please drop specification unless essential
Flavors: r-devel-linux-x86_64-debian-clang, r-devel-linux-x86_64-debian-gcc, r-devel-linux-x86_64-fedora-clang, r-devel-linux-x86_64-fedora-gcc, r-devel-windows-x86_64, r-patched-linux-x86_64, r-release-linux-x86_64, r-release-macos-arm64, r-release-macos-x86_64, r-release-windows-x86_64