CRAN Package Check Results for Package fastcluster

Last updated on 2018-01-20 22:46:58 CET.

Flavor Version Tinstall Tcheck Ttotal Status Flags
r-devel-linux-x86_64-debian-clang 1.1.24 4.46 49.75 54.21 WARN
r-devel-linux-x86_64-debian-gcc 1.1.24 3.16 34.03 37.19 WARN
r-devel-linux-x86_64-fedora-clang 1.1.24 64.10 WARN
r-devel-linux-x86_64-fedora-gcc 1.1.24 70.57 WARN
r-devel-windows-ix86+x86_64 1.1.24 13.00 92.00 105.00 WARN
r-patched-linux-x86_64 1.1.24 3.86 43.60 47.46 OK
r-patched-solaris-x86 1.1.24 103.00 OK
r-release-linux-x86_64 1.1.24 3.75 40.17 43.92 OK
r-release-windows-ix86+x86_64 1.1.24 11.00 88.00 99.00 OK
r-release-osx-x86_64 1.1.24 OK
r-oldrel-windows-ix86+x86_64 1.1.24 15.00 113.00 128.00 OK
r-oldrel-osx-x86_64 1.1.24 OK

Check Details

Version: 1.1.24
Check: pragmas in C/C++ headers and code
Result: WARN
    Files which contain pragma(s) suppressing important diagnostics:
     ‘src/fastcluster.cpp’ ‘src/fastcluster_R.cpp’
     ‘src/python/fastcluster_python.cpp’
Flavors: r-devel-linux-x86_64-debian-clang, r-devel-linux-x86_64-debian-gcc, r-devel-linux-x86_64-fedora-clang, r-devel-linux-x86_64-fedora-gcc, r-devel-windows-ix86+x86_64