Last updated on 2018-04-23 22:47:19 CEST.
Flavor | Version | Tinstall | Tcheck | Ttotal | Status | Flags |
---|---|---|---|---|---|---|
r-devel-linux-x86_64-debian-clang | 1.1.24 | 4.14 | 44.93 | 49.07 | WARN | |
r-devel-linux-x86_64-debian-gcc | 1.1.24 | 3.51 | 32.49 | 36.00 | WARN | |
r-devel-linux-x86_64-fedora-clang | 1.1.24 | 62.24 | WARN | |||
r-devel-linux-x86_64-fedora-gcc | 1.1.24 | 58.09 | WARN | |||
r-devel-windows-ix86+x86_64 | 1.1.24 | 16.00 | 110.00 | 126.00 | WARN | |
r-devel-osx-x86_64 | 1.1.24 | OK | ||||
r-patched-linux-x86_64 | 1.1.24 | 4.21 | 39.09 | 43.30 | WARN | |
r-patched-solaris-x86 | 1.1.24 | 90.50 | OK | |||
r-release-linux-x86_64 | 1.1.24 | 3.97 | 40.34 | 44.31 | OK | |
r-release-windows-ix86+x86_64 | 1.1.24 | 11.00 | 88.00 | 99.00 | OK | |
r-release-osx-x86_64 | 1.1.24 | OK | ||||
r-oldrel-windows-ix86+x86_64 | 1.1.24 | 15.00 | 113.00 | 128.00 | OK |
Version: 1.1.24
Check: pragmas in C/C++ headers and code
Result: WARN
Files which contain pragma(s) suppressing important diagnostics:
‘src/fastcluster.cpp’ ‘src/fastcluster_R.cpp’
‘src/python/fastcluster_python.cpp’
Flavors: r-devel-linux-x86_64-debian-clang, r-devel-linux-x86_64-debian-gcc, r-devel-linux-x86_64-fedora-clang, r-devel-linux-x86_64-fedora-gcc, r-devel-windows-ix86+x86_64, r-patched-linux-x86_64