CRAN Package Check Results for Package fastmit

Last updated on 2023-12-01 21:54:04 CET.

Flavor Version Tinstall Tcheck Ttotal Status Flags
r-devel-linux-x86_64-debian-clang 0.1.1 80.59 29.68 110.27 NOTE
r-devel-linux-x86_64-debian-gcc 0.1.1 51.52 23.03 74.55 NOTE
r-devel-linux-x86_64-fedora-clang 0.1.1 172.00 NOTE
r-devel-linux-x86_64-fedora-gcc 0.1.1 161.58 NOTE
r-devel-windows-x86_64 0.1.1 34.00 67.00 101.00 NOTE
r-patched-linux-x86_64 0.1.1 64.25 29.33 93.58 NOTE
r-release-linux-x86_64 0.1.1 61.23 29.90 91.13 NOTE
r-release-macos-arm64 0.1.1 38.00 NOTE
r-release-macos-x86_64 0.1.1 66.00 NOTE
r-release-windows-x86_64 0.1.1 44.00 69.00 113.00 NOTE
r-oldrel-macos-arm64 0.1.1 38.00 NOTE
r-oldrel-macos-x86_64 0.1.1 49.00 NOTE
r-oldrel-windows-x86_64 0.1.1 40.00 75.00 115.00 NOTE

Check Details

Version: 0.1.1
Check: LazyData
Result: NOTE 'LazyData' is specified without a 'data' directory Flavors: r-devel-linux-x86_64-debian-clang, r-devel-linux-x86_64-debian-gcc, r-devel-linux-x86_64-fedora-clang, r-devel-linux-x86_64-fedora-gcc, r-devel-windows-x86_64, r-patched-linux-x86_64, r-release-linux-x86_64, r-release-macos-arm64, r-release-macos-x86_64, r-release-windows-x86_64, r-oldrel-macos-arm64, r-oldrel-macos-x86_64, r-oldrel-windows-x86_64

Version: 0.1.1
Check: C++ specification
Result: NOTE Specified C++11: please drop specification unless essential Flavors: r-devel-windows-x86_64, r-release-windows-x86_64