CRAN Package Check Results for Package fastnet

Last updated on 2023-09-22 23:04:58 CEST.

Flavor Version Tinstall Tcheck Ttotal Status Flags
r-devel-linux-x86_64-debian-clang 1.0.0 5.39 44.40 49.79 NOTE
r-devel-linux-x86_64-debian-gcc 1.0.0 4.92 34.15 39.07 NOTE
r-devel-linux-x86_64-fedora-clang 1.0.0 63.72 NOTE
r-devel-linux-x86_64-fedora-gcc 1.0.0 60.06 NOTE
r-devel-windows-x86_64 1.0.0 7.00 60.00 67.00 NOTE
r-patched-linux-x86_64 1.0.0 7.10 43.10 50.20 NOTE
r-release-linux-x86_64 1.0.0 4.43 43.13 47.56 NOTE
r-release-macos-arm64 1.0.0 24.00 NOTE
r-release-macos-x86_64 1.0.0 34.00 NOTE
r-release-windows-x86_64 1.0.0 9.00 64.00 73.00 NOTE
r-oldrel-macos-arm64 1.0.0 22.00 NOTE
r-oldrel-macos-x86_64 1.0.0 40.00 NOTE
r-oldrel-windows-x86_64 1.0.0 9.00 61.00 70.00 NOTE

Check Details

Version: 1.0.0
Check: LazyData
Result: NOTE
     'LazyData' is specified without a 'data' directory
Flavors: r-devel-linux-x86_64-debian-clang, r-devel-linux-x86_64-debian-gcc, r-devel-linux-x86_64-fedora-clang, r-devel-linux-x86_64-fedora-gcc, r-devel-windows-x86_64, r-patched-linux-x86_64, r-release-linux-x86_64, r-release-macos-arm64, r-release-macos-x86_64, r-release-windows-x86_64, r-oldrel-macos-arm64, r-oldrel-macos-x86_64, r-oldrel-windows-x86_64