CRAN Package Check Results for Package fclust

Last updated on 2018-12-11 21:48:46 CET.

Flavor Version Tinstall Tcheck Ttotal Status Flags
r-devel-linux-x86_64-debian-clang 2.0.2 126.83 62.81 189.64 OK
r-devel-linux-x86_64-debian-gcc 2.0.2 115.82 47.43 163.25 OK
r-devel-linux-x86_64-fedora-clang 2.0.2 276.15 NOTE
r-devel-linux-x86_64-fedora-gcc 2.0.2 249.11 OK
r-devel-windows-ix86+x86_64 2.0.2 267.00 97.00 364.00 OK
r-patched-linux-x86_64 2.0.2 137.92 59.01 196.93 OK
r-patched-solaris-x86 2.0.2 238.30 OK
r-release-linux-x86_64 2.0.2 137.40 58.76 196.16 OK
r-release-windows-ix86+x86_64 2.0.2 266.00 102.00 368.00 OK
r-release-osx-x86_64 2.0.2 NOTE
r-oldrel-windows-ix86+x86_64 2.0.2 201.00 149.00 350.00 OK
r-oldrel-osx-x86_64 2.0.2 NOTE

Check Details

Version: 2.0.2
Check: installed package size
Result: NOTE
     installed size is 9.5Mb
     sub-directories of 1Mb or more:
     libs 8.9Mb
Flavors: r-devel-linux-x86_64-fedora-clang, r-release-osx-x86_64, r-oldrel-osx-x86_64