Last updated on 2023-06-07 22:02:42 CEST.
Flavor | Version | Tinstall | Tcheck | Ttotal | Status | Flags |
---|---|---|---|---|---|---|
r-devel-linux-x86_64-debian-clang | 1.0.0 | 2.43 | 41.26 | 43.69 | OK | |
r-devel-linux-x86_64-debian-gcc | 1.0.0 | 1.98 | 31.33 | 33.31 | OK | |
r-devel-linux-x86_64-fedora-clang | 1.0.0 | 55.62 | OK | |||
r-devel-linux-x86_64-fedora-gcc | 1.0.0 | 54.01 | OK | |||
r-devel-windows-x86_64 | 1.0.0 | 5.00 | 60.00 | 65.00 | OK | |
r-patched-linux-x86_64 | 1.0.0 | 3.01 | 40.36 | 43.37 | OK | |
r-release-linux-x86_64 | 1.0.0 | 2.09 | 39.42 | 41.51 | OK | |
r-release-macos-arm64 | 1.0.0 | 22.00 | OK | |||
r-release-macos-x86_64 | 1.0.0 | 30.00 | NOTE | |||
r-release-windows-x86_64 | 1.0.0 | 5.00 | 65.00 | 70.00 | OK | |
r-oldrel-macos-arm64 | 1.0.0 | 22.00 | OK | |||
r-oldrel-macos-x86_64 | 1.0.0 | 33.00 | OK | |||
r-oldrel-windows-x86_64 | 1.0.0 | 5.00 | 64.00 | 69.00 | OK |
Version: 1.0.0
Check: package dependencies
Result: NOTE
Package suggested but not available for checking: ‘fields’
Flavor: r-release-macos-x86_64