Last updated on 2024-03-28 23:01:44 CET.
Flavor | Version | Tinstall | Tcheck | Ttotal | Status | Flags |
---|---|---|---|---|---|---|
r-devel-linux-x86_64-debian-clang | 0.5.9 | 360.47 | 221.75 | 582.22 | NOTE | |
r-devel-linux-x86_64-debian-gcc | 0.5.9 | 288.54 | 176.82 | 465.36 | NOTE | |
r-devel-linux-x86_64-fedora-clang | 0.5.9 | 783.16 | NOTE | |||
r-devel-linux-x86_64-fedora-gcc | 0.5.9 | 852.16 | NOTE | |||
r-devel-windows-x86_64 | 0.5.9 | 249.00 | 199.00 | 448.00 | NOTE | |
r-patched-linux-x86_64 | 0.5.9 | 256.94 | 233.33 | 490.27 | NOTE | |
r-release-linux-x86_64 | 0.5.9 | 262.47 | 234.45 | 496.92 | OK | |
r-release-macos-arm64 | 0.5.9 | 192.00 | NOTE | |||
r-release-macos-x86_64 | 0.5.9 | 332.00 | NOTE | |||
r-release-windows-x86_64 | 0.5.9 | 323.00 | 254.00 | 577.00 | OK | |
r-oldrel-macos-arm64 | 0.5.9 | 138.00 | NOTE | |||
r-oldrel-windows-x86_64 | 0.5.9 | 302.00 | 248.00 | 550.00 | OK |
Version: 0.5.9
Check: Rd files
Result: NOTE
checkRd: (-1) MakeGPFunctionalData.Rd:33: Lost braces; missing escapes or markup?
33 | Y: X(t_{j}), Yn: noisy observations
| ^
checkRd: (-1) NormCurvToArea.Rd:20: Lost braces
20 | Normalise a curve such that \\int{yNew}dx = area (according to trapezoid integration)
| ^
checkRd: (-1) NormCurvToArea.Rd:17: Lost braces
17 | yNew values of curve at times x such that [\\int{yNew}dx = area]
| ^
Flavors: r-devel-linux-x86_64-debian-clang, r-devel-linux-x86_64-debian-gcc, r-devel-linux-x86_64-fedora-clang, r-devel-linux-x86_64-fedora-gcc, r-devel-windows-x86_64, r-patched-linux-x86_64
Version: 0.5.9
Check: installed package size
Result: NOTE
installed size is 40.4Mb
sub-directories of 1Mb or more:
libs 38.5Mb
Flavors: r-release-macos-arm64, r-release-macos-x86_64, r-oldrel-macos-arm64