Last updated on 2023-06-07 22:02:42 CEST.
Flavor | Version | Tinstall | Tcheck | Ttotal | Status | Flags |
---|---|---|---|---|---|---|
r-devel-linux-x86_64-debian-clang | 2.0.2 | 96.84 | 175.61 | 272.45 | OK | |
r-devel-linux-x86_64-debian-gcc | 2.0.2 | 74.23 | 132.31 | 206.54 | OK | |
r-devel-linux-x86_64-fedora-clang | 2.0.2 | 369.61 | OK | |||
r-devel-linux-x86_64-fedora-gcc | 2.0.2 | 355.81 | OK | |||
r-devel-windows-x86_64 | 2.0.2 | 76.00 | 169.00 | 245.00 | OK | |
r-patched-linux-x86_64 | 2.0.2 | 70.28 | 168.57 | 238.85 | OK | |
r-release-linux-x86_64 | 2.0.2 | 60.98 | 169.92 | 230.90 | OK | |
r-release-macos-arm64 | 2.0.2 | 91.00 | NOTE | |||
r-release-macos-x86_64 | 2.0.1 | 183.00 | NOTE | |||
r-release-windows-x86_64 | 2.0.2 | 97.00 | 202.00 | 299.00 | OK | |
r-oldrel-macos-arm64 | 2.0.2 | 85.00 | NOTE | |||
r-oldrel-macos-x86_64 | 2.0.2 | 117.00 | NOTE | |||
r-oldrel-windows-x86_64 | 2.0.2 | 89.00 | 192.00 | 281.00 | OK |
Version: 2.0.2
Check: installed package size
Result: NOTE
installed size is 6.2Mb
sub-directories of 1Mb or more:
data 2.3Mb
libs 3.3Mb
Flavors: r-release-macos-arm64, r-oldrel-macos-arm64, r-oldrel-macos-x86_64
Version: 2.0.1
Check: installed package size
Result: NOTE
installed size is 6.2Mb
sub-directories of 1Mb or more:
data 2.3Mb
libs 3.3Mb
Flavor: r-release-macos-x86_64