Last updated on 2023-09-21 23:03:19 CEST.
Flavor | Version | Tinstall | Tcheck | Ttotal | Status | Flags |
---|---|---|---|---|---|---|
r-devel-linux-x86_64-debian-clang | 0.3.1 | 13.78 | 166.77 | 180.55 | OK | |
r-devel-linux-x86_64-debian-gcc | 0.3.1 | 9.39 | 119.62 | 129.01 | OK | |
r-devel-linux-x86_64-fedora-clang | 0.3.1 | 227.33 | OK | |||
r-devel-linux-x86_64-fedora-gcc | 0.3.1 | 178.27 | OK | |||
r-devel-windows-x86_64 | 0.3.1 | 10.00 | 138.00 | 148.00 | OK | |
r-patched-linux-x86_64 | 0.3.1 | 10.83 | 156.02 | 166.85 | OK | |
r-release-linux-x86_64 | 0.3.1 | 7.78 | 160.74 | 168.52 | OK | |
r-release-macos-arm64 | 0.3.1 | 63.00 | OK | |||
r-release-macos-x86_64 | 0.3.1 | 102.00 | NOTE | |||
r-release-windows-x86_64 | 0.3.1 | 15.00 | 167.00 | 182.00 | OK | |
r-oldrel-macos-arm64 | 0.3.1 | 51.00 | OK | |||
r-oldrel-macos-x86_64 | 0.3.1 | 79.00 | OK | |||
r-oldrel-windows-x86_64 | 0.3.1 | 16.00 | 173.00 | 189.00 | OK |
Version: 0.3.1
Check: package dependencies
Result: NOTE
Package suggested but not available for checking: ‘fable’
Flavor: r-release-macos-x86_64