CRAN Package Check Results for Package featurefinder

Last updated on 2024-03-01 22:53:36 CET.

Flavor Version Tinstall Tcheck Ttotal Status Flags
r-devel-linux-x86_64-debian-clang 1.1 2.39 32.29 34.68 NOTE
r-devel-linux-x86_64-debian-gcc 1.1 2.49 24.41 26.90 NOTE
r-devel-linux-x86_64-fedora-clang 1.1 45.89 NOTE
r-devel-linux-x86_64-fedora-gcc 1.1 60.58 NOTE
r-devel-windows-x86_64 1.1 4.00 51.00 55.00 OK
r-patched-linux-x86_64 1.1 3.83 31.18 35.01 NOTE
r-release-linux-x86_64 1.1 3.16 31.36 34.52 NOTE
r-release-macos-arm64 1.1 26.00 OK
r-release-macos-x86_64 1.1 38.00 OK
r-release-windows-x86_64 1.1 4.00 57.00 61.00 OK
r-oldrel-macos-arm64 1.1 21.00 OK
r-oldrel-windows-x86_64 1.1 4.00 56.00 60.00 OK

Check Details

Version: 1.1
Check: for non-standard things in the check directory
Result: NOTE Found the following files/directories: ‘treesAll.txt’ Flavors: r-devel-linux-x86_64-debian-clang, r-devel-linux-x86_64-debian-gcc, r-devel-linux-x86_64-fedora-clang, r-devel-linux-x86_64-fedora-gcc, r-patched-linux-x86_64, r-release-linux-x86_64