CRAN Package Check Results for Package fgeo.analyze

Last updated on 2023-10-02 22:07:59 CEST.

Flavor Version Tinstall Tcheck Ttotal Status Flags
r-devel-linux-x86_64-debian-clang 1.1.14 6.97 116.99 123.96 NOTE
r-devel-linux-x86_64-debian-gcc 1.1.14 5.80 85.59 91.39 NOTE
r-devel-linux-x86_64-fedora-clang 1.1.14 147.09 NOTE
r-devel-linux-x86_64-fedora-gcc 1.1.14 144.33 NOTE
r-devel-windows-x86_64 1.1.14 7.00 102.00 109.00 NOTE
r-patched-linux-x86_64 1.1.14 9.86 112.98 122.84 NOTE
r-release-linux-x86_64 1.1.14 4.45 112.13 116.58 NOTE
r-release-macos-arm64 1.1.14 44.00 NOTE
r-release-macos-x86_64 1.1.14 71.00 NOTE
r-release-windows-x86_64 1.1.14 9.00 122.00 131.00 NOTE
r-oldrel-macos-arm64 1.1.14 43.00 NOTE
r-oldrel-macos-x86_64 1.1.14 87.00 NOTE
r-oldrel-windows-x86_64 1.1.14 9.00 130.00 139.00 NOTE

Check Details

Version: 1.1.14
Check: LazyData
Result: NOTE
     'LazyData' is specified without a 'data' directory
Flavors: r-devel-linux-x86_64-debian-clang, r-devel-linux-x86_64-debian-gcc, r-devel-linux-x86_64-fedora-clang, r-devel-linux-x86_64-fedora-gcc, r-devel-windows-x86_64, r-patched-linux-x86_64, r-release-linux-x86_64, r-release-macos-arm64, r-release-macos-x86_64, r-release-windows-x86_64, r-oldrel-macos-arm64, r-oldrel-macos-x86_64, r-oldrel-windows-x86_64