Last updated on 2024-04-18 22:52:40 CEST.
Flavor | Version | Tinstall | Tcheck | Ttotal | Status | Flags |
---|---|---|---|---|---|---|
r-devel-linux-x86_64-debian-clang | 1.1.4 | 5.80 | 60.36 | 66.16 | NOTE | |
r-devel-linux-x86_64-debian-gcc | 1.1.4 | 5.34 | 45.80 | 51.14 | NOTE | |
r-devel-linux-x86_64-fedora-clang | 1.1.4 | 83.32 | NOTE | |||
r-devel-linux-x86_64-fedora-gcc | 1.1.4 | 79.51 | NOTE | |||
r-prerel-macos-arm64 | 1.1.4 | 26.00 | NOTE | |||
r-prerel-windows-x86_64 | 1.1.4 | 7.00 | 65.00 | 72.00 | NOTE | |
r-patched-linux-x86_64 | 1.1.4 | 4.36 | 55.91 | 60.27 | NOTE | |
r-release-linux-x86_64 | 1.1.4 | 4.44 | 57.79 | 62.23 | NOTE | |
r-release-macos-arm64 | 1.1.4 | 28.00 | NOTE | |||
r-release-macos-x86_64 | 1.1.4 | 49.00 | NOTE | |||
r-release-windows-x86_64 | 1.1.4 | 9.00 | 73.00 | 82.00 | NOTE | |
r-oldrel-macos-arm64 | 1.1.4 | 28.00 | NOTE | |||
r-oldrel-windows-x86_64 | 1.1.4 | 9.00 | 78.00 | 87.00 | NOTE |
Version: 1.1.4
Check: LazyData
Result: NOTE
'LazyData' is specified without a 'data' directory
Flavors: r-devel-linux-x86_64-debian-clang, r-devel-linux-x86_64-debian-gcc, r-devel-linux-x86_64-fedora-clang, r-devel-linux-x86_64-fedora-gcc, r-prerel-macos-arm64, r-prerel-windows-x86_64, r-patched-linux-x86_64, r-release-linux-x86_64, r-release-macos-arm64, r-release-macos-x86_64, r-release-windows-x86_64, r-oldrel-macos-arm64, r-oldrel-windows-x86_64