Last updated on 2023-03-25 22:55:29 CET.
Flavor | Version | Tinstall | Tcheck | Ttotal | Status | Flags |
---|---|---|---|---|---|---|
r-devel-linux-x86_64-debian-clang | 1.1.4 | 6.37 | 58.92 | 65.29 | NOTE | |
r-devel-linux-x86_64-debian-gcc | 1.1.4 | 5.19 | 44.39 | 49.58 | NOTE | |
r-devel-linux-x86_64-fedora-gcc | 1.1.4 | 76.75 | NOTE | |||
r-patched-linux-x86_64 | 1.1.4 | 6.26 | 57.56 | 63.82 | NOTE | |
r-release-linux-x86_64 | 1.1.4 | 6.49 | 58.93 | 65.42 | NOTE | |
r-release-macos-arm64 | 1.1.4 | 28.00 | NOTE | |||
r-release-macos-x86_64 | 1.1.4 | 48.00 | NOTE | |||
r-release-windows-x86_64 | 1.1.4 | 26.00 | 95.00 | 121.00 | NOTE | |
r-oldrel-macos-arm64 | 1.1.4 | 33.00 | NOTE | |||
r-oldrel-macos-x86_64 | 1.1.4 | 45.00 | NOTE | |||
r-oldrel-windows-ix86+x86_64 | 1.1.4 | 17.00 | 90.00 | 107.00 | NOTE |
Version: 1.1.4
Check: LazyData
Result: NOTE
'LazyData' is specified without a 'data' directory
Flavors: r-devel-linux-x86_64-debian-clang, r-devel-linux-x86_64-debian-gcc, r-devel-linux-x86_64-fedora-gcc, r-patched-linux-x86_64, r-release-linux-x86_64, r-release-macos-arm64, r-release-macos-x86_64, r-release-windows-x86_64, r-oldrel-macos-arm64, r-oldrel-macos-x86_64, r-oldrel-windows-ix86+x86_64