CRAN Package Check Results for Package fgeo

Last updated on 2021-04-11 22:47:10 CEST.

Flavor Version Tinstall Tcheck Ttotal Status Flags
r-devel-linux-x86_64-debian-clang 1.1.4 6.38 57.36 63.74 NOTE
r-devel-linux-x86_64-debian-gcc 1.1.4 4.93 42.83 47.76 NOTE
r-devel-linux-x86_64-fedora-clang 1.1.4 85.68 NOTE
r-devel-linux-x86_64-fedora-gcc 1.1.4 73.50 NOTE
r-devel-windows-ix86+x86_64 1.1.4 17.00 82.00 99.00 NOTE
r-devel-windows-x86_64-gcc10-UCRT 1.1.4 NOTE
r-patched-linux-x86_64 1.1.4 6.07 53.27 59.34 OK
r-patched-solaris-x86 1.1.4 111.70 OK
r-release-linux-x86_64 1.1.4 4.92 53.26 58.18 OK
r-release-macos-x86_64 1.1.4 OK
r-release-windows-ix86+x86_64 1.1.4 17.00 84.00 101.00 OK
r-oldrel-macos-x86_64 1.1.4 OK
r-oldrel-windows-ix86+x86_64 1.1.4 10.00 54.00 64.00 OK

Check Details

Version: 1.1.4
Check: LazyData
Result: NOTE
     'LazyData' is specified without a 'data' directory
Flavors: r-devel-linux-x86_64-debian-clang, r-devel-linux-x86_64-debian-gcc, r-devel-linux-x86_64-fedora-clang, r-devel-linux-x86_64-fedora-gcc, r-devel-windows-ix86+x86_64, r-devel-windows-x86_64-gcc10-UCRT