Last updated on 2021-03-03 22:51:15 CET.
Flavor | Version | Tinstall | Tcheck | Ttotal | Status | Flags |
---|---|---|---|---|---|---|
r-devel-linux-x86_64-debian-clang | 2019.8.27 | 14.51 | 59.00 | 73.51 | NOTE | |
r-devel-linux-x86_64-debian-gcc | 2019.8.27 | 10.92 | 45.64 | 56.56 | NOTE | |
r-devel-linux-x86_64-fedora-clang | 2019.8.27 | 101.76 | NOTE | |||
r-devel-linux-x86_64-fedora-gcc | 2019.8.27 | 88.50 | NOTE | |||
r-devel-windows-ix86+x86_64 | 2019.8.27 | 22.00 | 84.00 | 106.00 | NOTE | |
r-patched-linux-x86_64 | 2019.8.27 | 13.20 | 55.99 | 69.19 | NOTE | |
r-patched-solaris-x86 | 2019.8.27 | 148.70 | NOTE | |||
r-release-linux-x86_64 | 2019.8.27 | 12.41 | 55.84 | 68.25 | NOTE | |
r-release-macos-x86_64 | 2019.8.27 | NOTE | ||||
r-release-windows-ix86+x86_64 | 2019.8.27 | 24.00 | 64.00 | 88.00 | NOTE | |
r-oldrel-macos-x86_64 | 2019.8.27 | NOTE | ||||
r-oldrel-windows-ix86+x86_64 | 2019.8.27 | 28.00 | 82.00 | 110.00 | NOTE |
Version: 2019.8.27
Check: package dependencies
Result: NOTE
Package suggested but not available for checking: 'SDMTools'
Flavors: r-devel-linux-x86_64-debian-clang, r-devel-linux-x86_64-debian-gcc, r-devel-linux-x86_64-fedora-clang, r-devel-linux-x86_64-fedora-gcc, r-patched-linux-x86_64, r-patched-solaris-x86, r-release-linux-x86_64, r-release-macos-x86_64
Version: 2019.8.27
Check: installed package size
Result: NOTE
installed size is 6.7Mb
sub-directories of 1Mb or more:
data 6.3Mb
Flavors: r-devel-linux-x86_64-fedora-clang, r-devel-windows-ix86+x86_64, r-patched-solaris-x86, r-release-macos-x86_64, r-release-windows-ix86+x86_64, r-oldrel-macos-x86_64, r-oldrel-windows-ix86+x86_64
Version: 2019.8.27
Check: data for non-ASCII characters
Result: NOTE
Note: found 5077 marked UTF-8 strings
Flavors: r-devel-linux-x86_64-fedora-clang, r-devel-linux-x86_64-fedora-gcc, r-patched-solaris-x86, r-release-macos-x86_64, r-oldrel-macos-x86_64